CRAN Package Check Results for Package SourceSet

Last updated on 2023-06-05 05:54:48 CEST.

Flavor Version Tinstall Tcheck Ttotal Status Flags
r-devel-linux-x86_64-debian-clang 0.1.5 4.78 85.78 90.56 NOTE
r-devel-linux-x86_64-debian-gcc 0.1.5 3.62 66.17 69.79 NOTE
r-devel-linux-x86_64-fedora-clang 0.1.5 113.34 NOTE
r-devel-linux-x86_64-fedora-gcc 0.1.5 119.20 NOTE
r-devel-windows-x86_64 0.1.5 6.00 88.00 94.00 NOTE
r-patched-linux-x86_64 0.1.5 5.27 82.01 87.28 NOTE
r-release-linux-x86_64 0.1.5 4.41 81.02 85.43 NOTE
r-release-macos-arm64 0.1.5 42.00 ERROR
r-release-macos-x86_64 0.1.5 60.00 ERROR
r-release-windows-x86_64 0.1.5 7.00 103.00 110.00 NOTE
r-oldrel-macos-arm64 0.1.5 34.00 ERROR
r-oldrel-macos-x86_64 0.1.5 52.00 NOTE
r-oldrel-windows-x86_64 0.1.5 6.00 102.00 108.00 NOTE

Check Details

Version: 0.1.5
Check: package dependencies
Result: NOTE
    Package suggested but not available for checking: ‘r2cytoscape’
Flavors: r-devel-linux-x86_64-debian-clang, r-devel-linux-x86_64-debian-gcc, r-devel-linux-x86_64-fedora-clang, r-devel-linux-x86_64-fedora-gcc, r-devel-windows-x86_64, r-patched-linux-x86_64, r-release-linux-x86_64, r-release-windows-x86_64, r-oldrel-macos-x86_64, r-oldrel-windows-x86_64

Version: 0.1.5
Check: package dependencies
Result: NOTE
    Packages suggested but not available for checking:
     'r2cytoscape', 'hgu95av2.db'
Flavors: r-release-macos-arm64, r-release-macos-x86_64, r-oldrel-macos-arm64

Version: 0.1.5
Check: re-building of vignette outputs
Result: ERROR
    Error(s) in re-building vignettes:
     ...
    --- re-building ‘SourceSet.Rmd’ using rmarkdown
    Failed with error: 'there is no package called 'hgu95av2.db''
    Quitting from lines 512-527 (SourceSet.Rmd)
    Error: processing vignette 'SourceSet.Rmd' failed with diagnostics:
    error in evaluating the argument 'x' in selecting a method for function 'as.list': object 'org.Hs.egSYMBOL' not found
    --- failed re-building ‘SourceSet.Rmd’
    
    SUMMARY: processing the following file failed:
     ‘SourceSet.Rmd’
    
    Error: Vignette re-building failed.
    Execution halted
Flavor: r-release-macos-arm64

Version: 0.1.5
Check: re-building of vignette outputs
Result: ERROR
    Error(s) in re-building vignettes:
     ...
    --- re-building ‘SourceSet.Rmd’ using rmarkdown
    Pandoc is required to build R Markdown vignettes but not available. Please make sure it is installed.
    Failed with error: 'there is no package called 'hgu95av2.db''
    Quitting from lines 512-527 (SourceSet.Rmd)
    Error: processing vignette 'SourceSet.Rmd' failed with diagnostics:
    error in evaluating the argument 'x' in selecting a method for function 'as.list': object 'org.Hs.egSYMBOL' not found
    --- failed re-building ‘SourceSet.Rmd’
    
    SUMMARY: processing the following file failed:
     ‘SourceSet.Rmd’
    
    Error: Vignette re-building failed.
    Execution halted
Flavor: r-release-macos-x86_64

Version: 0.1.5
Check: re-building of vignette outputs
Result: ERROR
    Error(s) in re-building vignettes:
     ...
    --- re-building ‘SourceSet.Rmd’ using rmarkdown
    Failed with error: 'there is no package called 'hgu95av2.db''
    
    Quitting from lines 512-527 [unnamed-chunk-25] (SourceSet.Rmd)
    Error: processing vignette 'SourceSet.Rmd' failed with diagnostics:
    error in evaluating the argument 'x' in selecting a method for function 'as.list': object 'org.Hs.egSYMBOL' not found
    --- failed re-building ‘SourceSet.Rmd’
    
    SUMMARY: processing the following file failed:
     ‘SourceSet.Rmd’
    
    Error: Vignette re-building failed.
    Execution halted
Flavor: r-oldrel-macos-arm64