CRAN Package Check Results for Package SimilaR

Last updated on 2024-03-03 04:48:49 CET.

Flavor Version Tinstall Tcheck Ttotal Status Flags
r-devel-linux-x86_64-debian-clang 1.0.8 110.12 35.55 145.67 NOTE
r-devel-linux-x86_64-debian-gcc 1.0.8 87.96 27.92 115.88 NOTE
r-devel-linux-x86_64-fedora-clang 1.0.8 211.06 NOTE
r-devel-linux-x86_64-fedora-gcc 1.0.8 209.46 NOTE
r-devel-windows-x86_64 1.0.8 80.00 72.00 152.00 NOTE
r-patched-linux-x86_64 1.0.8 102.05 35.36 137.41 NOTE
r-release-linux-x86_64 1.0.8 105.63 35.42 141.05 NOTE
r-release-macos-arm64 1.0.8 54.00 NOTE
r-release-macos-x86_64 1.0.8 89.00 NOTE
r-release-windows-x86_64 1.0.8 78.00 77.00 155.00 NOTE
r-oldrel-macos-arm64 1.0.8 50.00 NOTE
r-oldrel-windows-x86_64 1.0.8 104.00 77.00 181.00 OK

Check Details

Version: 1.0.8
Check: C++ specification
Result: NOTE Specified C++11: please drop specification unless essential Flavors: r-devel-linux-x86_64-debian-clang, r-devel-linux-x86_64-debian-gcc, r-devel-linux-x86_64-fedora-clang, r-devel-linux-x86_64-fedora-gcc, r-devel-windows-x86_64, r-patched-linux-x86_64, r-release-linux-x86_64, r-release-macos-arm64, r-release-macos-x86_64, r-release-windows-x86_64

Version: 1.0.8
Check: installed package size
Result: NOTE installed size is 5.7Mb sub-directories of 1Mb or more: libs 5.6Mb Flavors: r-release-macos-arm64, r-release-macos-x86_64, r-oldrel-macos-arm64