Last updated on 2023-05-29 05:55:14 CEST.
Flavor | Version | Tinstall | Tcheck | Ttotal | Status | Flags |
---|---|---|---|---|---|---|
r-devel-linux-x86_64-debian-clang | 0.1 | 8.20 | 70.42 | 78.62 | NOTE | |
r-devel-linux-x86_64-debian-gcc | 0.1 | 6.82 | 54.85 | 61.67 | NOTE | |
r-devel-linux-x86_64-fedora-clang | 0.1 | 104.24 | NOTE | |||
r-devel-linux-x86_64-fedora-gcc | 0.1 | 110.41 | NOTE | |||
r-devel-windows-x86_64 | 0.1 | 8.00 | 70.00 | 78.00 | NOTE | |
r-patched-linux-x86_64 | 0.1 | 6.28 | 67.39 | 73.67 | NOTE | |
r-release-linux-x86_64 | 0.1 | 6.39 | 70.69 | 77.08 | NOTE | |
r-release-macos-arm64 | 0.1 | 33.00 | NOTE | |||
r-release-macos-x86_64 | 0.1 | 51.00 | NOTE | |||
r-release-windows-x86_64 | 0.1 | 10.00 | 79.00 | 89.00 | NOTE | |
r-oldrel-macos-arm64 | 0.1 | 29.00 | NOTE | |||
r-oldrel-macos-x86_64 | 0.1 | 41.00 | NOTE | |||
r-oldrel-windows-x86_64 | 0.1 | 11.00 | 82.00 | 93.00 | NOTE |
Version: 0.1
Check: LazyData
Result: NOTE
'LazyData' is specified without a 'data' directory
Flavors: r-devel-linux-x86_64-debian-clang, r-devel-linux-x86_64-debian-gcc, r-devel-linux-x86_64-fedora-clang, r-devel-linux-x86_64-fedora-gcc, r-devel-windows-x86_64, r-patched-linux-x86_64, r-release-linux-x86_64, r-release-macos-arm64, r-release-macos-x86_64, r-release-windows-x86_64, r-oldrel-macos-arm64, r-oldrel-macos-x86_64, r-oldrel-windows-x86_64