Last updated on 2023-06-04 05:50:56 CEST.
Flavor | Version | Tinstall | Tcheck | Ttotal | Status | Flags |
---|---|---|---|---|---|---|
r-devel-linux-x86_64-debian-clang | 0.5.8 | 47.05 | 426.94 | 473.99 | NOTE | |
r-devel-linux-x86_64-debian-gcc | 0.5.8 | 36.79 | 325.93 | 362.72 | NOTE | |
r-devel-linux-x86_64-fedora-clang | 0.5.8 | 595.16 | NOTE | |||
r-devel-linux-x86_64-fedora-gcc | 0.5.8 | 603.16 | NOTE | |||
r-devel-windows-x86_64 | 0.5.8 | 40.00 | 308.00 | 348.00 | NOTE | |
r-patched-linux-x86_64 | 0.5.8 | 49.86 | 404.81 | 454.67 | NOTE | |
r-release-linux-x86_64 | 0.5.8 | 37.20 | 402.34 | 439.54 | NOTE | |
r-release-macos-arm64 | 0.5.8 | 161.00 | NOTE | |||
r-release-macos-x86_64 | 0.5.8 | 259.00 | NOTE | |||
r-release-windows-x86_64 | 0.5.8 | 56.00 | 399.00 | 455.00 | NOTE | |
r-oldrel-macos-arm64 | 0.5.8 | 142.00 | NOTE | |||
r-oldrel-macos-x86_64 | 0.5.8 | 242.00 | NOTE | |||
r-oldrel-windows-x86_64 | 0.5.8 | 55.00 | 375.00 | 430.00 | NOTE |
Version: 0.5.8
Check: package dependencies
Result: NOTE
Package suggested but not available for checking: ‘STRaitRazoR’
Flavors: r-devel-linux-x86_64-debian-clang, r-devel-linux-x86_64-debian-gcc, r-devel-linux-x86_64-fedora-clang, r-devel-linux-x86_64-fedora-gcc, r-devel-windows-x86_64, r-patched-linux-x86_64, r-release-linux-x86_64, r-release-macos-arm64, r-release-macos-x86_64, r-release-windows-x86_64, r-oldrel-macos-arm64, r-oldrel-macos-x86_64, r-oldrel-windows-x86_64