CRAN Package Check Results for Package SFS

Last updated on 2023-06-09 05:55:11 CEST.

Flavor Version Tinstall Tcheck Ttotal Status Flags
r-devel-linux-x86_64-debian-clang 0.1.4 48.98 28.63 77.61 NOTE
r-devel-linux-x86_64-debian-gcc 0.1.4 38.48 23.05 61.53 NOTE
r-devel-linux-x86_64-fedora-clang 0.1.4 123.76 NOTE
r-devel-linux-x86_64-fedora-gcc 0.1.4 116.30 NOTE
r-devel-windows-x86_64 0.1.4 39.00 63.00 102.00 NOTE
r-patched-linux-x86_64 0.1.4 41.20 28.61 69.81 NOTE
r-release-linux-x86_64 0.1.4 41.65 28.59 70.24 NOTE
r-release-macos-arm64 0.1.4 37.00 NOTE
r-release-macos-x86_64 0.1.4 55.00 NOTE
r-release-windows-x86_64 0.1.4 49.00 73.00 122.00 NOTE
r-oldrel-macos-arm64 0.1.4 33.00 OK
r-oldrel-macos-x86_64 0.1.4 45.00 OK
r-oldrel-windows-x86_64 0.1.4 49.00 74.00 123.00 OK

Check Details

Version: 0.1.4
Check: C++ specification
Result: NOTE
     Specified C++11: please drop specification unless essential
Flavors: r-devel-linux-x86_64-debian-clang, r-devel-linux-x86_64-debian-gcc, r-devel-linux-x86_64-fedora-clang, r-devel-linux-x86_64-fedora-gcc, r-devel-windows-x86_64, r-patched-linux-x86_64, r-release-linux-x86_64, r-release-macos-arm64, r-release-macos-x86_64, r-release-windows-x86_64