Last updated on 2023-06-06 05:55:23 CEST.
Flavor | Version | Tinstall | Tcheck | Ttotal | Status | Flags |
---|---|---|---|---|---|---|
r-devel-linux-x86_64-debian-clang | 2.7.3 | 11.69 | 147.02 | 158.71 | OK | |
r-devel-linux-x86_64-debian-gcc | 2.7.3 | 10.46 | 111.96 | 122.42 | OK | |
r-devel-linux-x86_64-fedora-clang | 2.7.3 | 209.94 | NOTE | |||
r-devel-linux-x86_64-fedora-gcc | 2.7.3 | 180.96 | NOTE | |||
r-devel-windows-x86_64 | 2.7.3 | 14.00 | 118.00 | 132.00 | OK | |
r-patched-linux-x86_64 | 2.7.3 | 7.63 | 137.48 | 145.11 | OK | |
r-release-linux-x86_64 | 2.7.3 | 7.65 | 137.22 | 144.87 | OK | |
r-release-macos-arm64 | 2.7.3 | 58.00 | OK | |||
r-release-macos-x86_64 | 2.7.1 | 88.00 | OK | |||
r-release-windows-x86_64 | 2.7.3 | 14.00 | 151.00 | 165.00 | OK | |
r-oldrel-macos-arm64 | 2.7.3 | 55.00 | OK | |||
r-oldrel-macos-x86_64 | 2.7.3 | 74.00 | OK | |||
r-oldrel-windows-x86_64 | 2.7.3 | 15.00 | 157.00 | 172.00 | OK |
Version: 2.7.3
Check: data for non-ASCII characters
Result: NOTE
Note: found 5 marked Latin-1 strings
Note: found 51869 marked UTF-8 strings
Flavors: r-devel-linux-x86_64-fedora-clang, r-devel-linux-x86_64-fedora-gcc