CRAN Package Check Results for Package SCORPION

Last updated on 2023-06-10 05:52:45 CEST.

Flavor Version Tinstall Tcheck Ttotal Status Flags
r-devel-linux-x86_64-debian-clang 1.0.1 8.29 84.46 92.75 OK
r-devel-linux-x86_64-debian-gcc 1.0.1 7.19 65.06 72.25 OK
r-devel-linux-x86_64-fedora-clang 1.0.1 133.91 NOTE
r-devel-linux-x86_64-fedora-gcc 1.0.1 113.25 NOTE
r-devel-windows-x86_64 1.0.1 9.00 76.00 85.00 OK
r-patched-linux-x86_64 1.0.1 9.22 82.82 92.04 OK
r-release-linux-x86_64 1.0.1 6.14 81.75 87.89 OK
r-release-macos-arm64 1.0.1 37.00 OK
r-release-macos-x86_64 1.0.1 58.00 OK
r-release-windows-x86_64 1.0.1 11.00 88.00 99.00 OK
r-oldrel-macos-arm64 1.0.1 35.00 NOTE
r-oldrel-macos-x86_64 1.0.1 50.00 NOTE
r-oldrel-windows-x86_64 1.0.1 12.00 97.00 109.00 OK

Check Details

Version: 1.0.1
Check: dependencies in R code
Result: NOTE
    Namespace in Imports field not imported from: ‘RhpcBLASctl’
     All declared Imports should be used.
Flavors: r-devel-linux-x86_64-fedora-clang, r-devel-linux-x86_64-fedora-gcc, r-oldrel-macos-arm64, r-oldrel-macos-x86_64