CRAN Package Check Results for Package SCEPtERbinary

Last updated on 2023-06-05 05:54:47 CEST.

Flavor Version Tinstall Tcheck Ttotal Status Flags
r-devel-linux-x86_64-debian-clang 0.1-1 3.02 26.06 29.08 OK
r-devel-linux-x86_64-debian-gcc 0.1-1 2.76 21.91 24.67 OK
r-devel-linux-x86_64-fedora-clang 0.1-1 40.19 NOTE
r-devel-linux-x86_64-fedora-gcc 0.1-1 37.70 NOTE
r-devel-windows-x86_64 0.1-1 6.00 52.00 58.00 OK
r-patched-linux-x86_64 0.1-1 3.10 25.42 28.52 OK
r-release-linux-x86_64 0.1-1 2.96 25.42 28.38 OK
r-release-macos-arm64 0.1-1 19.00 OK
r-release-macos-x86_64 0.1-1 24.00 OK
r-release-windows-x86_64 0.1-1 6.00 49.00 55.00 OK
r-oldrel-macos-arm64 0.1-1 19.00 OK
r-oldrel-macos-x86_64 0.1-1 25.00 OK
r-oldrel-windows-x86_64 0.1-1 5.00 46.00 51.00 OK

Check Details

Version: 0.1-1
Check: compiled code
Result: NOTE
    File ‘SCEPtERbinary/libs/SCEPtERbinary.so’:
     Found no calls to: ‘R_registerRoutines’, ‘R_useDynamicSymbols’
    
    It is good practice to register native routines and to disable symbol
    search.
    
    See ‘Writing portable packages’ in the ‘Writing R Extensions’ manual.
Flavors: r-devel-linux-x86_64-fedora-clang, r-devel-linux-x86_64-fedora-gcc