Last updated on 2023-06-09 05:55:11 CEST.
Flavor | Version | Tinstall | Tcheck | Ttotal | Status | Flags |
---|---|---|---|---|---|---|
r-devel-linux-x86_64-debian-clang | 0.2-4 | 10.38 | 27.85 | 38.23 | OK | |
r-devel-linux-x86_64-debian-gcc | 0.2-4 | 10.02 | 22.26 | 32.28 | OK | |
r-devel-linux-x86_64-fedora-clang | 0.2-4 | 50.77 | NOTE | |||
r-devel-linux-x86_64-fedora-gcc | 0.2-4 | 48.80 | NOTE | |||
r-devel-windows-x86_64 | 0.2-4 | 17.00 | 47.00 | 64.00 | OK | |
r-patched-linux-x86_64 | 0.2-4 | 10.71 | 24.78 | 35.49 | OK | |
r-release-linux-x86_64 | 0.2-4 | 10.88 | 24.70 | 35.58 | OK | |
r-release-macos-arm64 | 0.2-4 | 24.00 | OK | |||
r-release-macos-x86_64 | 0.2-4 | 30.00 | OK | |||
r-release-windows-x86_64 | 0.2-4 | 13.00 | 46.00 | 59.00 | OK | |
r-oldrel-macos-arm64 | 0.2-4 | 26.00 | OK | |||
r-oldrel-macos-x86_64 | 0.2-4 | 29.00 | OK | |||
r-oldrel-windows-x86_64 | 0.2-4 | 16.00 | 47.00 | 63.00 | OK |
Version: 0.2-4
Check: compiled code
Result: NOTE
File ‘SCEPtER/libs/SCEPtER.so’:
Found no calls to: ‘R_registerRoutines’, ‘R_useDynamicSymbols’
It is good practice to register native routines and to disable symbol
search.
See ‘Writing portable packages’ in the ‘Writing R Extensions’ manual.
Flavors: r-devel-linux-x86_64-fedora-clang, r-devel-linux-x86_64-fedora-gcc