Last updated on 2023-06-08 05:58:21 CEST.
Flavor | Version | Tinstall | Tcheck | Ttotal | Status | Flags |
---|---|---|---|---|---|---|
r-devel-linux-x86_64-debian-clang | 1.0.0 | 3.39 | 44.12 | 47.51 | NOTE | |
r-devel-linux-x86_64-debian-gcc | 1.0.0 | 2.64 | 33.93 | 36.57 | NOTE | |
r-devel-linux-x86_64-fedora-clang | 1.0.0 | 59.98 | NOTE | |||
r-devel-linux-x86_64-fedora-gcc | 1.0.0 | 68.83 | NOTE | |||
r-devel-windows-x86_64 | 1.0.0 | 4.00 | 65.00 | 69.00 | NOTE | |
r-patched-linux-x86_64 | 1.0.0 | 4.45 | 42.09 | 46.54 | NOTE | |
r-release-linux-x86_64 | 1.0.0 | 3.36 | 41.43 | 44.79 | NOTE | |
r-release-macos-arm64 | 1.0.0 | 31.00 | NOTE | |||
r-release-macos-x86_64 | 1.0.0 | 40.00 | NOTE | |||
r-release-windows-x86_64 | 1.0.0 | 5.00 | 68.00 | 73.00 | NOTE | |
r-oldrel-macos-arm64 | 1.0.0 | 28.00 | NOTE | |||
r-oldrel-macos-x86_64 | 1.0.0 | 32.00 | NOTE | |||
r-oldrel-windows-x86_64 | 1.0.0 | 6.00 | 68.00 | 74.00 | NOTE |
Version: 1.0.0
Check: LazyData
Result: NOTE
'LazyData' is specified without a 'data' directory
Flavors: r-devel-linux-x86_64-debian-clang, r-devel-linux-x86_64-debian-gcc, r-devel-linux-x86_64-fedora-clang, r-devel-linux-x86_64-fedora-gcc, r-devel-windows-x86_64, r-patched-linux-x86_64, r-release-linux-x86_64, r-release-macos-arm64, r-release-macos-x86_64, r-release-windows-x86_64, r-oldrel-macos-arm64, r-oldrel-macos-x86_64, r-oldrel-windows-x86_64