Last updated on 2023-05-30 05:57:45 CEST.
Flavor | Version | Tinstall | Tcheck | Ttotal | Status | Flags |
---|---|---|---|---|---|---|
r-devel-linux-x86_64-debian-clang | 1.1 | 51.98 | 142.85 | 194.83 | NOTE | |
r-devel-linux-x86_64-debian-gcc | 1.1 | 47.55 | 105.01 | 152.56 | NOTE | |
r-devel-linux-x86_64-fedora-clang | 1.1 | 275.35 | NOTE | |||
r-devel-linux-x86_64-fedora-gcc | 1.1 | 281.61 | NOTE | |||
r-devel-windows-x86_64 | 1.1 | 44.00 | 149.00 | 193.00 | NOTE | |
r-patched-linux-x86_64 | 1.1 | 43.02 | 135.02 | 178.04 | NOTE | |
r-release-linux-x86_64 | 1.1 | 34.95 | 131.15 | 166.10 | NOTE | |
r-release-macos-arm64 | 1.1 | 5.00 | ERROR | |||
r-release-macos-x86_64 | 1.1 | 142.00 | NOTE | |||
r-release-windows-x86_64 | 1.1 | 57.00 | 187.00 | 244.00 | NOTE | |
r-oldrel-macos-arm64 | 1.1 | 10.00 | ERROR | |||
r-oldrel-macos-x86_64 | 1.1 | 131.00 | NOTE | |||
r-oldrel-windows-x86_64 | 1.1 | 55.00 | 182.00 | 237.00 | OK |
Version: 1.1
Check: C++ specification
Result: NOTE
Specified C++11: please drop specification unless essential
Flavors: r-devel-linux-x86_64-debian-clang, r-devel-linux-x86_64-debian-gcc, r-devel-linux-x86_64-fedora-clang, r-devel-linux-x86_64-fedora-gcc, r-devel-windows-x86_64, r-patched-linux-x86_64, r-release-linux-x86_64, r-release-macos-x86_64, r-release-windows-x86_64
Version: 1.1
Check: package dependencies
Result: ERROR
Package required but not available: ‘scran’
See section ‘The DESCRIPTION file’ in the ‘Writing R Extensions’
manual.
Flavors: r-release-macos-arm64, r-oldrel-macos-arm64
Version: 1.1
Check: dependencies in R code
Result: NOTE
Namespace in Imports field not imported from: ‘BiocSingular’
All declared Imports should be used.
Flavor: r-oldrel-macos-x86_64