Last updated on 2023-06-09 05:55:10 CEST.
Flavor | Version | Tinstall | Tcheck | Ttotal | Status | Flags |
---|---|---|---|---|---|---|
r-devel-linux-x86_64-debian-clang | 0.22.1 | 724.61 | 52.92 | 777.53 | NOTE | |
r-devel-linux-x86_64-debian-gcc | 0.22.1 | 636.63 | 47.93 | 684.56 | NOTE | |
r-devel-linux-x86_64-fedora-clang | 0.22.1 | 1275.26 | NOTE | |||
r-devel-linux-x86_64-fedora-gcc | 0.22.1 | 1354.66 | NOTE | |||
r-devel-windows-x86_64 | 0.22.1 | 588.00 | 114.00 | 702.00 | NOTE | |
r-patched-linux-x86_64 | 0.22.1 | 655.92 | 59.53 | 715.45 | NOTE | |
r-release-linux-x86_64 | 0.22.1 | 703.17 | 61.36 | 764.53 | NOTE | |
r-release-macos-arm64 | 0.22.1 | 290.00 | NOTE | |||
r-release-macos-x86_64 | 0.22.1 | 465.00 | NOTE | |||
r-release-windows-x86_64 | 0.22.1 | 764.00 | 132.00 | 896.00 | NOTE | |
r-oldrel-macos-arm64 | 0.22.1 | 272.00 | NOTE | |||
r-oldrel-macos-x86_64 | 0.22.1 | 314.00 | NOTE | |||
r-oldrel-windows-x86_64 | 0.22.1 | 727.00 | 116.00 | 843.00 | OK |
Version: 0.22.1
Check: C++ specification
Result: NOTE
Specified C++11: please drop specification unless essential
Flavors: r-devel-linux-x86_64-debian-clang, r-devel-linux-x86_64-debian-gcc, r-devel-linux-x86_64-fedora-clang, r-devel-linux-x86_64-fedora-gcc, r-devel-windows-x86_64, r-patched-linux-x86_64, r-release-linux-x86_64, r-release-macos-arm64, r-release-macos-x86_64, r-release-windows-x86_64
Version: 0.22.1
Check: installed package size
Result: NOTE
installed size is 49.0Mb
sub-directories of 1Mb or more:
libs 47.8Mb
Flavors: r-release-macos-arm64, r-release-macos-x86_64, r-oldrel-macos-arm64, r-oldrel-macos-x86_64