CRAN Package Check Results for Package Rspotify

Last updated on 2023-05-29 05:55:14 CEST.

Flavor Version Tinstall Tcheck Ttotal Status Flags
r-devel-linux-x86_64-debian-clang 0.1.2 2.52 22.63 25.15 NOTE
r-devel-linux-x86_64-debian-gcc 0.1.2 1.94 17.80 19.74 NOTE
r-devel-linux-x86_64-fedora-clang 0.1.2 32.56 NOTE
r-devel-linux-x86_64-fedora-gcc 0.1.2 32.71 NOTE
r-devel-windows-x86_64 0.1.2 4.00 42.00 46.00 NOTE
r-patched-linux-x86_64 0.1.2 2.24 21.81 24.05 NOTE
r-release-linux-x86_64 0.1.2 1.75 22.11 23.86 NOTE
r-release-macos-arm64 0.1.2 14.00 NOTE
r-release-macos-x86_64 0.1.2 22.00 NOTE
r-release-windows-x86_64 0.1.2 6.00 42.00 48.00 NOTE
r-oldrel-macos-arm64 0.1.2 15.00 NOTE
r-oldrel-macos-x86_64 0.1.2 25.00 NOTE
r-oldrel-windows-x86_64 0.1.2 5.00 43.00 48.00 NOTE

Check Details

Version: 0.1.2
Check: LazyData
Result: NOTE
     'LazyData' is specified without a 'data' directory
Flavors: r-devel-linux-x86_64-debian-clang, r-devel-linux-x86_64-debian-gcc, r-devel-linux-x86_64-fedora-clang, r-devel-linux-x86_64-fedora-gcc, r-devel-windows-x86_64, r-patched-linux-x86_64, r-release-linux-x86_64, r-release-macos-arm64, r-release-macos-x86_64, r-release-windows-x86_64, r-oldrel-macos-arm64, r-oldrel-macos-x86_64, r-oldrel-windows-x86_64

Version: 0.1.2
Check: dependencies in R code
Result: NOTE
    Namespace in Imports field not imported from: ‘magrittr’
     All declared Imports should be used.
Flavors: r-devel-linux-x86_64-fedora-clang, r-devel-linux-x86_64-fedora-gcc, r-oldrel-macos-arm64, r-oldrel-macos-x86_64