Last updated on 2023-05-28 05:52:17 CEST.
Flavor | Version | Tinstall | Tcheck | Ttotal | Status | Flags |
---|---|---|---|---|---|---|
r-devel-linux-x86_64-debian-clang | 0.6.5 | 73.94 | 70.50 | 144.44 | OK | |
r-devel-linux-x86_64-debian-gcc | 0.6.5 | 64.35 | 51.71 | 116.06 | WARN | |
r-devel-linux-x86_64-fedora-clang | 0.6.5 | 178.10 | OK | |||
r-devel-linux-x86_64-fedora-gcc | 0.6.5 | 211.19 | OK | |||
r-devel-windows-x86_64 | 0.6.5 | 51.00 | 112.00 | 163.00 | WARN | |
r-patched-linux-x86_64 | 0.6.5 | 69.03 | 66.37 | 135.40 | OK | |
r-release-linux-x86_64 | 0.6.5 | 54.33 | 66.50 | 120.83 | OK | |
r-release-macos-arm64 | 0.6.5 | 57.00 | NOTE | |||
r-release-macos-x86_64 | 0.6.5 | 103.00 | NOTE | |||
r-release-windows-x86_64 | 0.6.5 | 68.00 | 127.00 | 195.00 | WARN | |
r-oldrel-macos-arm64 | 0.6.5 | 50.00 | NOTE | |||
r-oldrel-macos-x86_64 | 0.6.5 | 67.00 | NOTE | |||
r-oldrel-windows-x86_64 | 0.6.5 | 67.00 | 121.00 | 188.00 | OK |
Version: 0.6.5
Check: whether package can be installed
Result: WARN
Found the following significant warnings:
/usr/lib/gcc/x86_64-linux-gnu/12/include/emmintrin.h:131:24: warning: array subscript ‘__m128d_u[0]’ is partly outside array bounds of ‘Eigen::internal::plain_matrix_type<Eigen::Product<Eigen::Block<Eigen::Matrix<double, -1, -1>, 1, -1, false>, Eigen::Transpose<Eigen::Block<Eigen::Matrix<double, -1, -1>, 1, -1, false> >, 0>, Eigen::Dense>::type [1]’ {aka ‘Eigen::Matrix<double, 1, 1, 0, 1, 1> [1]’} [-Warray-bounds]
See ‘/home/hornik/tmp/R.check/r-devel-gcc/Work/PKGS/RobustGaSP.Rcheck/00install.out’ for details.
* used C compiler: ‘gcc-12 (Debian 12.2.0-14) 12.2.0’
* used C++ compiler: ‘g++-12 (Debian 12.2.0-14) 12.2.0’
Flavor: r-devel-linux-x86_64-debian-gcc
Version: 0.6.5
Check: whether package can be installed
Result: WARN
Found the following significant warnings:
d:\rtools43\x86_64-w64-mingw32.static.posix\lib\gcc\x86_64-w64-mingw32.static.posix\12.2.0\include\emmintrin.h:131:24: warning: array subscript '__m128d_u[0]' is partly outside array bounds of 'Eigen::internal::plain_matrix_type<Eigen::Product<Eigen::Block<Eigen::Matrix<double, -1, -1>, 1, -1, false>, Eigen::Transpose<Eigen::Block<Eigen::Matrix<double, -1, -1>, 1, -1, false> >, 0>, Eigen::Dense>::type [1]' {aka 'Eigen::Matrix<double, 1, 1, 0, 1, 1> [1]'} [-Warray-bounds]
See 'd:/Rcompile/CRANpkg/local/4.4/RobustGaSP.Rcheck/00install.out' for details.
* used C compiler: 'gcc.exe (GCC) 12.2.0'
* used C++ compiler: 'g++.exe (GCC) 12.2.0'
Flavor: r-devel-windows-x86_64
Version: 0.6.5
Check: installed package size
Result: NOTE
installed size is 29.4Mb
sub-directories of 1Mb or more:
libs 28.8Mb
Flavors: r-release-macos-arm64, r-release-macos-x86_64, r-oldrel-macos-arm64, r-oldrel-macos-x86_64
Version: 0.6.5
Check: whether package can be installed
Result: WARN
Found the following significant warnings:
d:\rtools43\x86_64-w64-mingw32.static.posix\lib\gcc\x86_64-w64-mingw32.static.posix\12.2.0\include\emmintrin.h:131:24: warning: array subscript '__m128d_u[0]' is partly outside array bounds of 'Eigen::internal::plain_matrix_type<Eigen::Product<Eigen::Block<Eigen::Matrix<double, -1, -1>, 1, -1, false>, Eigen::Transpose<Eigen::Block<Eigen::Matrix<double, -1, -1>, 1, -1, false> >, 0>, Eigen::Dense>::type [1]' {aka 'Eigen::Matrix<double, 1, 1, 0, 1, 1> [1]'} [-Warray-bounds]
See 'd:/Rcompile/CRANpkg/local/4.3/RobustGaSP.Rcheck/00install.out' for details.
* used C compiler: 'gcc.exe (GCC) 12.2.0'
* used C++ compiler: 'g++.exe (GCC) 12.2.0'
Flavor: r-release-windows-x86_64