Last updated on 2023-06-10 05:52:44 CEST.
Flavor | Version | Tinstall | Tcheck | Ttotal | Status | Flags |
---|---|---|---|---|---|---|
r-devel-linux-x86_64-debian-clang | 0.7-1 | 8.62 | 42.87 | 51.49 | OK | |
r-devel-linux-x86_64-debian-gcc | 0.7-1 | 6.33 | 33.60 | 39.93 | OK | |
r-devel-linux-x86_64-fedora-clang | 0.7-1 | 74.20 | OK | |||
r-devel-linux-x86_64-fedora-gcc | 0.7-1 | 71.96 | OK | |||
r-devel-windows-x86_64 | 0.7-1 | 44.00 | 63.00 | 107.00 | OK | |
r-patched-linux-x86_64 | 0.7-1 | 8.99 | 41.72 | 50.71 | OK | |
r-release-linux-x86_64 | 0.7-1 | 7.60 | 41.66 | 49.26 | OK | |
r-release-macos-x86_64 | 0.7-1 | 17.00 | ERROR | |||
r-release-windows-x86_64 | 0.7-1 | 24.00 | 76.00 | 100.00 | OK | |
r-oldrel-macos-arm64 | 0.6-9.2 | 10.00 | ERROR | |||
r-oldrel-macos-x86_64 | 0.7-1 | 20.00 | ERROR | |||
r-oldrel-windows-x86_64 | 0.7-1 | 215.00 | 104.00 | 319.00 | OK |
Version: 0.7-1
Check: whether package can be installed
Result: ERROR
Installation failed.
Flavors: r-release-macos-x86_64, r-oldrel-macos-x86_64
Version: 0.6-9.2
Check: whether package can be installed
Result: ERROR
Installation failed.
Flavor: r-oldrel-macos-arm64