Last updated on 2023-06-07 05:58:30 CEST.
Flavor | Version | Tinstall | Tcheck | Ttotal | Status | Flags |
---|---|---|---|---|---|---|
r-devel-linux-x86_64-debian-clang | 2.1.8 | 505.83 | 70.90 | 576.73 | NOTE | |
r-devel-linux-x86_64-debian-gcc | 2.1.8 | 435.65 | 86.61 | 522.26 | NOTE | |
r-devel-linux-x86_64-fedora-clang | 2.1.8 | 1002.67 | NOTE | |||
r-devel-linux-x86_64-fedora-gcc | 2.1.8 | 963.36 | NOTE | |||
r-devel-windows-x86_64 | 2.1.8 | 417.00 | 140.00 | 557.00 | NOTE | |
r-patched-linux-x86_64 | 2.1.8 | 474.25 | 110.36 | 584.61 | NOTE | |
r-release-linux-x86_64 | 2.1.8 | 481.48 | 112.73 | 594.21 | NOTE | |
r-release-macos-arm64 | 2.1.8 | 230.00 | NOTE | |||
r-release-macos-x86_64 | 2.1.8 | 385.00 | NOTE | |||
r-release-windows-x86_64 | 2.1.8 | 523.00 | 162.00 | 685.00 | NOTE | |
r-oldrel-macos-arm64 | 2.1.8 | 211.00 | NOTE | |||
r-oldrel-macos-x86_64 | 2.1.8 | 280.00 | NOTE | |||
r-oldrel-windows-x86_64 | 2.1.8 | 530.00 | 145.00 | 675.00 | OK |
Version: 2.1.8
Check: C++ specification
Result: NOTE
Specified C++11: please drop specification unless essential
Flavors: r-devel-linux-x86_64-debian-clang, r-devel-linux-x86_64-debian-gcc, r-devel-linux-x86_64-fedora-clang, r-devel-linux-x86_64-fedora-gcc, r-devel-windows-x86_64, r-patched-linux-x86_64, r-release-linux-x86_64, r-release-macos-arm64, r-release-macos-x86_64, r-release-windows-x86_64
Version: 2.1.8
Check: installed package size
Result: NOTE
installed size is 41.9Mb
sub-directories of 1Mb or more:
libs 41.0Mb
Flavors: r-release-macos-arm64, r-release-macos-x86_64, r-oldrel-macos-arm64, r-oldrel-macos-x86_64