CRAN Package Check Results for Package Rlof

Last updated on 2023-06-08 05:58:19 CEST.

Flavor Version Tinstall Tcheck Ttotal Status Flags
r-devel-linux-x86_64-debian-clang 1.1.3 2.84 23.81 26.65 OK
r-devel-linux-x86_64-debian-gcc 1.1.3 2.49 19.16 21.65 OK
r-devel-linux-x86_64-fedora-clang 1.1.3 34.59 NOTE
r-devel-linux-x86_64-fedora-gcc 1.1.3 32.50 NOTE
r-devel-windows-x86_64 1.1.3 6.00 45.00 51.00 OK
r-patched-linux-x86_64 1.1.3 3.27 23.20 26.47 OK
r-release-linux-x86_64 1.1.3 2.53 23.25 25.78 OK
r-release-macos-arm64 1.1.3 18.00 OK
r-release-macos-x86_64 1.1.3 20.00 OK
r-release-windows-x86_64 1.1.3 6.00 47.00 53.00 OK
r-oldrel-macos-arm64 1.1.3 17.00 OK
r-oldrel-macos-x86_64 1.1.3 23.00 OK
r-oldrel-windows-x86_64 1.1.3 6.00 46.00 52.00 OK

Check Details

Version: 1.1.3
Check: compiled code
Result: NOTE
    File ‘Rlof/libs/Rlof.so’:
     Found no calls to: ‘R_registerRoutines’, ‘R_useDynamicSymbols’
    
    It is good practice to register native routines and to disable symbol
    search.
    
    See ‘Writing portable packages’ in the ‘Writing R Extensions’ manual.
Flavors: r-devel-linux-x86_64-fedora-clang, r-devel-linux-x86_64-fedora-gcc