Last updated on 2023-06-02 05:58:08 CEST.
Flavor | Version | Tinstall | Tcheck | Ttotal | Status | Flags |
---|---|---|---|---|---|---|
r-devel-linux-x86_64-debian-clang | 1.0.2 | 2.02 | 24.20 | 26.22 | NOTE | |
r-devel-linux-x86_64-debian-gcc | 1.0.2 | 1.76 | 19.33 | 21.09 | NOTE | |
r-devel-linux-x86_64-fedora-clang | 1.0.2 | 34.23 | NOTE | |||
r-devel-linux-x86_64-fedora-gcc | 1.0.2 | 34.60 | NOTE | |||
r-devel-windows-x86_64 | 1.0.2 | 4.00 | 48.00 | 52.00 | OK | |
r-patched-linux-x86_64 | 1.0.2 | NOTE | ||||
r-release-linux-x86_64 | 1.0.2 | 2.31 | 23.72 | 26.03 | NOTE | |
r-release-macos-arm64 | 1.0.2 | 16.00 | OK | |||
r-release-macos-x86_64 | 1.0.2 | 21.00 | OK | |||
r-release-windows-x86_64 | 1.0.2 | 4.00 | 47.00 | 51.00 | OK | |
r-oldrel-macos-arm64 | 1.0.2 | 16.00 | OK | |||
r-oldrel-macos-x86_64 | 1.0.2 | 22.00 | OK | |||
r-oldrel-windows-x86_64 | 1.0.2 | 4.00 | 50.00 | 54.00 | OK |
Version: 1.0.2
Check: for non-standard things in the check directory
Result: NOTE
Found the following files/directories:
‘B110711CD4.CSV’ ‘inputparam2.txt’ ‘itcout0.pdf’ ‘itcout1.eps’
‘origin_data.csv’
Flavors: r-devel-linux-x86_64-debian-clang, r-devel-linux-x86_64-debian-gcc, r-devel-linux-x86_64-fedora-clang, r-devel-linux-x86_64-fedora-gcc, r-patched-linux-x86_64, r-release-linux-x86_64