Last updated on 2023-05-28 05:52:16 CEST.
Flavor | Version | Tinstall | Tcheck | Ttotal | Status | Flags |
---|---|---|---|---|---|---|
r-devel-linux-x86_64-debian-clang | 0.4-1 | 56.15 | 222.83 | 278.98 | NOTE | |
r-devel-linux-x86_64-debian-gcc | 0.4-1 | 41.08 | 168.25 | 209.33 | NOTE | |
r-devel-linux-x86_64-fedora-clang | 0.4-1 | 363.59 | NOTE | |||
r-devel-linux-x86_64-fedora-gcc | 0.4-1 | 361.54 | NOTE | |||
r-devel-windows-x86_64 | 0.4-1 | 40.00 | 166.00 | 206.00 | NOTE | |
r-patched-linux-x86_64 | 0.4-1 | 49.48 | 214.53 | 264.01 | NOTE | |
r-release-linux-x86_64 | 0.4-1 | 38.33 | 214.04 | 252.37 | NOTE | |
r-release-macos-arm64 | 0.4-1 | 72.00 | NOTE | |||
r-release-macos-x86_64 | 0.4-1 | 160.00 | NOTE | |||
r-release-windows-x86_64 | 0.4-1 | 53.00 | 216.00 | 269.00 | NOTE | |
r-oldrel-macos-arm64 | 0.4-1 | 68.00 | OK | |||
r-oldrel-macos-x86_64 | 0.4-1 | 93.00 | OK | |||
r-oldrel-windows-x86_64 | 0.4-1 | 54.00 | 203.00 | 257.00 | OK |
Version: 0.4-1
Check: C++ specification
Result: NOTE
Specified C++11: please drop specification unless essential
Flavors: r-devel-linux-x86_64-debian-clang, r-devel-linux-x86_64-debian-gcc, r-devel-linux-x86_64-fedora-clang, r-devel-linux-x86_64-fedora-gcc, r-devel-windows-x86_64, r-patched-linux-x86_64, r-release-linux-x86_64, r-release-macos-arm64, r-release-macos-x86_64, r-release-windows-x86_64