Last updated on 2023-06-08 05:58:19 CEST.
Flavor | Version | Tinstall | Tcheck | Ttotal | Status | Flags |
---|---|---|---|---|---|---|
r-devel-linux-x86_64-debian-clang | 0.4-5 | 37.28 | 90.35 | 127.63 | NOTE | |
r-devel-linux-x86_64-debian-gcc | 0.4-5 | 35.93 | 69.52 | 105.45 | NOTE | |
r-devel-linux-x86_64-fedora-clang | 0.4-5 | 178.21 | NOTE | |||
r-devel-linux-x86_64-fedora-gcc | 0.4-5 | 176.21 | NOTE | |||
r-devel-windows-x86_64 | 0.4-5 | 36.00 | 103.00 | 139.00 | NOTE | |
r-patched-linux-x86_64 | 0.4-5 | 40.84 | 87.90 | 128.74 | NOTE | |
r-release-linux-x86_64 | 0.4-5 | 39.59 | 86.15 | 125.74 | NOTE | |
r-release-macos-arm64 | 0.4-5 | 50.00 | NOTE | |||
r-release-macos-x86_64 | 0.4-5 | 82.00 | NOTE | |||
r-release-windows-x86_64 | 0.4-5 | 46.00 | 122.00 | 168.00 | NOTE | |
r-oldrel-macos-arm64 | 0.4-5 | 46.00 | OK | |||
r-oldrel-macos-x86_64 | 0.4-5 | 65.00 | OK | |||
r-oldrel-windows-x86_64 | 0.4-5 | 44.00 | 120.00 | 164.00 | OK |
Version: 0.4-5
Check: C++ specification
Result: NOTE
Specified C++11: please drop specification unless essential
Flavors: r-devel-linux-x86_64-debian-clang, r-devel-linux-x86_64-debian-gcc, r-devel-linux-x86_64-fedora-clang, r-devel-linux-x86_64-fedora-gcc, r-devel-windows-x86_64, r-patched-linux-x86_64, r-release-linux-x86_64, r-release-macos-arm64, r-release-macos-x86_64, r-release-windows-x86_64