Last updated on 2023-06-04 05:50:52 CEST.
Flavor | Version | Tinstall | Tcheck | Ttotal | Status | Flags |
---|---|---|---|---|---|---|
r-devel-linux-x86_64-debian-clang | 0.5-0 | 37.08 | 160.81 | 197.89 | OK | |
r-devel-linux-x86_64-debian-gcc | 0.5-0 | 37.81 | 134.28 | 172.09 | OK | |
r-devel-linux-x86_64-fedora-clang | 0.5-0 | 247.95 | OK | |||
r-devel-linux-x86_64-fedora-gcc | 0.5-0 | 318.56 | OK | |||
r-devel-windows-x86_64 | 0.5-0 | 37.00 | 170.00 | 207.00 | OK | |
r-patched-linux-x86_64 | 0.5-0 | 37.74 | 161.69 | 199.43 | OK | |
r-release-linux-x86_64 | 0.5-0 | 42.30 | 165.74 | 208.04 | OK | |
r-release-macos-arm64 | 0.5-0 | 79.00 | NOTE | |||
r-release-macos-x86_64 | 0.5-0 | 125.00 | NOTE | |||
r-release-windows-x86_64 | 0.5-0 | 46.00 | 198.00 | 244.00 | OK | |
r-oldrel-macos-arm64 | 0.5-0 | 72.00 | NOTE | |||
r-oldrel-macos-x86_64 | 0.5-0 | 84.00 | NOTE | |||
r-oldrel-windows-x86_64 | 0.5-0 | 45.00 | 188.00 | 233.00 | OK |
Version: 0.5-0
Check: installed package size
Result: NOTE
installed size is 6.8Mb
sub-directories of 1Mb or more:
libs 6.3Mb
Flavors: r-release-macos-arm64, r-release-macos-x86_64, r-oldrel-macos-arm64, r-oldrel-macos-x86_64