Last updated on 2023-06-08 05:58:18 CEST.
Flavor | Version | Tinstall | Tcheck | Ttotal | Status | Flags |
---|---|---|---|---|---|---|
r-devel-linux-x86_64-debian-clang | 0.0.5 | 20.29 | 160.05 | 180.34 | OK | |
r-devel-linux-x86_64-debian-gcc | 0.0.5 | 16.01 | 118.61 | 134.62 | OK | |
r-devel-linux-x86_64-fedora-clang | 0.0.5 | 236.60 | NOTE | |||
r-devel-linux-x86_64-fedora-gcc | 0.0.5 | 238.41 | OK | |||
r-devel-windows-x86_64 | 0.0.5 | 30.00 | 231.00 | 261.00 | OK | |
r-patched-linux-x86_64 | 0.0.5 | 18.38 | 150.44 | 168.82 | OK | |
r-release-linux-x86_64 | 0.0.5 | 20.68 | 151.00 | 171.68 | OK | |
r-release-macos-arm64 | 0.0.5 | 76.00 | OK | |||
r-release-macos-x86_64 | 0.0.5 | 126.00 | OK | |||
r-release-windows-x86_64 | 0.0.5 | 23.00 | 164.00 | 187.00 | OK | |
r-oldrel-macos-arm64 | 0.0.5 | 105.00 | OK | |||
r-oldrel-macos-x86_64 | 0.0.5 | 221.00 | OK | |||
r-oldrel-windows-x86_64 | 0.0.5 | 23.00 | 149.00 | 172.00 | OK |
Version: 0.0.5
Check: Rd cross-references
Result: NOTE
Undeclared package ‘car’ in Rd xrefs
Flavor: r-devel-linux-x86_64-fedora-clang