Last updated on 2023-05-30 05:57:43 CEST.
Flavor | Version | Tinstall | Tcheck | Ttotal | Status | Flags |
---|---|---|---|---|---|---|
r-devel-linux-x86_64-debian-clang | 1.1.4 | 18.42 | 157.69 | 176.11 | NOTE | |
r-devel-linux-x86_64-debian-gcc | 1.1.4 | 16.40 | 115.14 | 131.54 | NOTE | |
r-devel-linux-x86_64-fedora-clang | 1.1.4 | 228.60 | NOTE | |||
r-devel-linux-x86_64-fedora-gcc | 1.1.4 | 230.79 | NOTE | |||
r-devel-windows-x86_64 | 1.1.4 | 29.00 | 226.00 | 255.00 | NOTE | |
r-patched-linux-x86_64 | 1.1.4 | 19.15 | 146.73 | 165.88 | NOTE | |
r-release-linux-x86_64 | 1.1.4 | 19.90 | 146.45 | 166.35 | NOTE | |
r-release-macos-arm64 | 1.1.4 | 69.00 | NOTE | |||
r-release-macos-x86_64 | 1.1.4 | 113.00 | NOTE | |||
r-release-windows-x86_64 | 1.1.4 | 22.00 | 154.00 | 176.00 | NOTE | |
r-oldrel-macos-arm64 | 1.1.4 | 100.00 | NOTE | |||
r-oldrel-macos-x86_64 | 1.1.4 | 240.00 | NOTE | |||
r-oldrel-windows-x86_64 | 1.1.4 | 24.00 | 156.00 | 180.00 | NOTE |
Version: 1.1.4
Check: LazyData
Result: NOTE
'LazyData' is specified without a 'data' directory
Flavors: r-devel-linux-x86_64-debian-clang, r-devel-linux-x86_64-debian-gcc, r-devel-linux-x86_64-fedora-clang, r-devel-linux-x86_64-fedora-gcc, r-devel-windows-x86_64, r-patched-linux-x86_64, r-release-linux-x86_64, r-release-macos-arm64, r-release-macos-x86_64, r-release-windows-x86_64, r-oldrel-macos-arm64, r-oldrel-macos-x86_64, r-oldrel-windows-x86_64