Last updated on 2023-06-06 05:55:20 CEST.
Flavor | Version | Tinstall | Tcheck | Ttotal | Status | Flags |
---|---|---|---|---|---|---|
r-devel-linux-x86_64-debian-clang | 0.0-2 | 24.08 | 166.94 | 191.02 | NOTE | |
r-devel-linux-x86_64-debian-gcc | 0.0-2 | 17.69 | 120.92 | 138.61 | NOTE | |
r-devel-linux-x86_64-fedora-clang | 0.0-2 | 242.49 | NOTE | |||
r-devel-linux-x86_64-fedora-gcc | 0.0-2 | 229.08 | NOTE | |||
r-devel-windows-x86_64 | 0.0-2 | 22.00 | 134.00 | 156.00 | NOTE | |
r-patched-linux-x86_64 | 0.0-2 | 19.80 | 155.44 | 175.24 | NOTE | |
r-release-linux-x86_64 | 0.0-2 | 19.78 | 152.45 | 172.23 | NOTE | |
r-release-macos-arm64 | 0.0-2 | 68.00 | NOTE | |||
r-release-macos-x86_64 | 0.0-2 | 117.00 | NOTE | |||
r-release-windows-x86_64 | 0.0-2 | 27.00 | 185.00 | 212.00 | NOTE | |
r-oldrel-macos-arm64 | 0.0-2 | 84.00 | OK | |||
r-oldrel-macos-x86_64 | 0.0-2 | 193.00 | OK | |||
r-oldrel-windows-x86_64 | 0.0-2 | 25.00 | 153.00 | 178.00 | OK |
Version: 0.0-2
Check: Rd files
Result: NOTE
checkRd: (-1) RcmdrPlugin.MA-package.Rd:21: Escaped LaTeX specials: \&
checkRd: (-1) RcmdrPlugin.MA-package.Rd:23: Escaped LaTeX specials: \&
Flavors: r-devel-linux-x86_64-debian-clang, r-devel-linux-x86_64-debian-gcc, r-devel-linux-x86_64-fedora-clang, r-devel-linux-x86_64-fedora-gcc, r-devel-windows-x86_64, r-patched-linux-x86_64, r-release-linux-x86_64, r-release-macos-arm64, r-release-macos-x86_64, r-release-windows-x86_64