CRAN Package Check Results for Package RVenn

Last updated on 2023-06-08 05:58:20 CEST.

Flavor Version Tinstall Tcheck Ttotal Status Flags
r-devel-linux-x86_64-debian-clang 1.1.0 5.13 58.47 63.60 NOTE
r-devel-linux-x86_64-debian-gcc 1.1.0 2.92 44.36 47.28 NOTE
r-devel-linux-x86_64-fedora-clang 1.1.0 80.14 NOTE
r-devel-linux-x86_64-fedora-gcc 1.1.0 87.12 NOTE
r-devel-windows-x86_64 1.1.0 6.00 67.00 73.00 NOTE
r-patched-linux-x86_64 1.1.0 4.41 55.38 59.79 NOTE
r-release-linux-x86_64 1.1.0 4.00 55.71 59.71 NOTE
r-release-macos-arm64 1.1.0 32.00 NOTE
r-release-macos-x86_64 1.1.0 48.00 NOTE
r-release-windows-x86_64 1.1.0 7.00 71.00 78.00 NOTE
r-oldrel-macos-arm64 1.1.0 27.00 NOTE
r-oldrel-macos-x86_64 1.1.0 58.00 NOTE
r-oldrel-windows-x86_64 1.1.0 7.00 73.00 80.00 NOTE

Check Details

Version: 1.1.0
Check: LazyData
Result: NOTE
     'LazyData' is specified without a 'data' directory
Flavors: r-devel-linux-x86_64-debian-clang, r-devel-linux-x86_64-debian-gcc, r-devel-linux-x86_64-fedora-clang, r-devel-linux-x86_64-fedora-gcc, r-devel-windows-x86_64, r-patched-linux-x86_64, r-release-linux-x86_64, r-release-macos-arm64, r-release-macos-x86_64, r-release-windows-x86_64, r-oldrel-macos-arm64, r-oldrel-macos-x86_64, r-oldrel-windows-x86_64