Last updated on 2023-06-05 05:54:46 CEST.
Flavor | Version | Tinstall | Tcheck | Ttotal | Status | Flags |
---|---|---|---|---|---|---|
r-devel-linux-x86_64-debian-clang | 1.3.14.1 | 327.91 | 297.93 | 625.84 | OK | |
r-devel-linux-x86_64-debian-gcc | 1.3.14.1 | 282.96 | 226.05 | 509.01 | OK | |
r-devel-linux-x86_64-fedora-clang | 1.3.14.1 | 1269.64 | OK | |||
r-devel-linux-x86_64-fedora-gcc | 1.3.14.1 | 889.82 | OK | |||
r-devel-windows-x86_64 | 1.3.14.1 | 352.00 | 252.00 | 604.00 | OK | |
r-patched-linux-x86_64 | 1.3.14.1 | 301.99 | 288.58 | 590.57 | OK | |
r-release-linux-x86_64 | 1.3.14.1 | 298.42 | 292.62 | 591.04 | OK | |
r-release-macos-arm64 | 1.3.14.1 | 241.00 | NOTE | |||
r-release-macos-x86_64 | 1.3.14.1 | 411.00 | NOTE | |||
r-release-windows-x86_64 | 1.3.14.1 | 420.00 | 315.00 | 735.00 | OK | |
r-oldrel-macos-arm64 | 1.3.14.1 | 213.00 | NOTE | |||
r-oldrel-macos-x86_64 | 1.3.14.1 | 86.00 | ERROR | |||
r-oldrel-windows-x86_64 | 1.3.14.1 | 374.00 | 295.00 | 669.00 | OK |
Version: 1.3.14.1
Check: installed package size
Result: NOTE
installed size is 31.8Mb
sub-directories of 1Mb or more:
R 2.0Mb
libs 28.9Mb
Flavors: r-release-macos-arm64, r-release-macos-x86_64, r-oldrel-macos-arm64
Version: 1.3.14.1
Check: whether package can be installed
Result: ERROR
Installation failed.
Flavor: r-oldrel-macos-x86_64