Last updated on 2023-06-10 05:52:44 CEST.
Flavor | Version | Tinstall | Tcheck | Ttotal | Status | Flags |
---|---|---|---|---|---|---|
r-devel-linux-x86_64-debian-clang | 2.2.2 | 2.74 | 36.25 | 38.99 | NOTE | |
r-devel-linux-x86_64-debian-gcc | 2.2.2 | 2.39 | 28.07 | 30.46 | NOTE | |
r-devel-linux-x86_64-fedora-clang | 2.2.2 | 50.23 | NOTE | |||
r-devel-linux-x86_64-fedora-gcc | 2.2.2 | 59.56 | NOTE | |||
r-devel-windows-x86_64 | 2.2.2 | 5.00 | 48.00 | 53.00 | NOTE | |
r-patched-linux-x86_64 | 2.2.2 | 3.22 | 34.84 | 38.06 | NOTE | |
r-release-linux-x86_64 | 2.2.2 | 2.36 | 34.13 | 36.49 | NOTE | |
r-release-macos-arm64 | 2.2.2 | 24.00 | NOTE | |||
r-release-macos-x86_64 | 2.2.2 | 32.00 | NOTE | |||
r-release-windows-x86_64 | 2.2.2 | 5.00 | 50.00 | 55.00 | NOTE | |
r-oldrel-macos-arm64 | 2.2.2 | 18.00 | NOTE | |||
r-oldrel-macos-x86_64 | 2.2.2 | 26.00 | NOTE | |||
r-oldrel-windows-x86_64 | 2.2.2 | 4.00 | 53.00 | 57.00 | NOTE |
Version: 2.2.2
Check: LazyData
Result: NOTE
'LazyData' is specified without a 'data' directory
Flavors: r-devel-linux-x86_64-debian-clang, r-devel-linux-x86_64-debian-gcc, r-devel-linux-x86_64-fedora-clang, r-devel-linux-x86_64-fedora-gcc, r-devel-windows-x86_64, r-patched-linux-x86_64, r-release-linux-x86_64, r-release-macos-arm64, r-release-macos-x86_64, r-release-windows-x86_64, r-oldrel-macos-arm64, r-oldrel-macos-x86_64, r-oldrel-windows-x86_64