Last updated on 2023-06-08 05:58:20 CEST.
Flavor | Version | Tinstall | Tcheck | Ttotal | Status | Flags |
---|---|---|---|---|---|---|
r-devel-linux-x86_64-debian-clang | 1.4.5 | 194.44 | 65.20 | 259.64 | OK | |
r-devel-linux-x86_64-debian-gcc | 1.4.5 | 138.00 | 51.02 | 189.02 | WARN | |
r-devel-linux-x86_64-fedora-clang | 1.4.5 | 378.28 | OK | |||
r-devel-linux-x86_64-fedora-gcc | 1.4.5 | 362.04 | OK | |||
r-devel-windows-x86_64 | 1.4.5 | 286.00 | 309.00 | 595.00 | WARN | |
r-patched-linux-x86_64 | 1.4.5 | 158.27 | 63.38 | 221.65 | OK | |
r-release-linux-x86_64 | 1.4.5 | 149.18 | 62.51 | 211.69 | OK | |
r-release-macos-arm64 | 1.4.5 | 98.00 | NOTE | |||
r-release-macos-x86_64 | 1.4.5 | 171.00 | NOTE | |||
r-release-windows-x86_64 | 1.4.5 | 358.00 | 327.00 | 685.00 | WARN | |
r-oldrel-macos-arm64 | 1.4.5 | 84.00 | NOTE | |||
r-oldrel-macos-x86_64 | 1.4.5 | 120.00 | NOTE | |||
r-oldrel-windows-x86_64 | 1.4.5 | 318.00 | 309.00 | 627.00 | OK |
Version: 1.4.5
Check: whether package can be installed
Result: WARN
Found the following significant warnings:
vendor/boost/intrusive/detail/slist_node.hpp:56:16: warning: pointer used after ‘void operator delete(void*, std::size_t)’ [-Wuse-after-free]
vendor/boost/intrusive/detail/hook_traits.hpp:77:10: warning: pointer used after ‘void operator delete(void*, std::size_t)’ [-Wuse-after-free]
See ‘/home/hornik/tmp/R.check/r-devel-gcc/Work/PKGS/RPostgres.Rcheck/00install.out’ for details.
* used C compiler: ‘gcc-12 (Debian 12.2.0-14) 12.2.0’
* used C++ compiler: ‘g++-12 (Debian 12.2.0-14) 12.2.0’
Flavor: r-devel-linux-x86_64-debian-gcc
Version: 1.4.5
Check: whether package can be installed
Result: WARN
Found the following significant warnings:
vendor/boost/intrusive/detail/slist_node.hpp:56:16: warning: pointer used after 'void operator delete(void*, std::size_t)' [-Wuse-after-free]
vendor/boost/intrusive/detail/hook_traits.hpp:77:10: warning: pointer used after 'void operator delete(void*, std::size_t)' [-Wuse-after-free]
See 'd:/Rcompile/CRANpkg/local/4.4/RPostgres.Rcheck/00install.out' for details.
* used C compiler: 'gcc.exe (GCC) 12.2.0'
* used C++ compiler: 'g++.exe (GCC) 12.2.0'
Flavor: r-devel-windows-x86_64
Version: 1.4.5
Check: installed package size
Result: NOTE
installed size is 7.2Mb
sub-directories of 1Mb or more:
libs 6.7Mb
Flavors: r-release-macos-arm64, r-release-macos-x86_64, r-oldrel-macos-arm64, r-oldrel-macos-x86_64
Version: 1.4.5
Check: whether package can be installed
Result: WARN
Found the following significant warnings:
vendor/boost/intrusive/detail/slist_node.hpp:56:16: warning: pointer used after 'void operator delete(void*, std::size_t)' [-Wuse-after-free]
vendor/boost/intrusive/detail/hook_traits.hpp:77:10: warning: pointer used after 'void operator delete(void*, std::size_t)' [-Wuse-after-free]
See 'd:/Rcompile/CRANpkg/local/4.3/RPostgres.Rcheck/00install.out' for details.
* used C compiler: 'gcc.exe (GCC) 12.2.0'
* used C++ compiler: 'g++.exe (GCC) 12.2.0'
Flavor: r-release-windows-x86_64