Last updated on 2023-05-28 05:52:17 CEST.
Flavor | Version | Tinstall | Tcheck | Ttotal | Status | Flags |
---|---|---|---|---|---|---|
r-devel-linux-x86_64-debian-clang | 2.7.1 | 528.91 | 57.16 | 586.07 | OK | |
r-devel-linux-x86_64-debian-gcc | 2.7.1 | 430.98 | 55.01 | 485.99 | OK | |
r-devel-linux-x86_64-fedora-clang | 2.7.1 | 894.06 | NOTE | |||
r-devel-linux-x86_64-fedora-gcc | 2.7.1 | 970.74 | OK | |||
r-devel-windows-x86_64 | 2.7.1 | 409.00 | 105.00 | 514.00 | NOTE | |
r-patched-linux-x86_64 | 2.7.1 | 458.79 | 67.06 | 525.85 | OK | |
r-release-linux-x86_64 | 2.7.1 | 462.93 | 69.59 | 532.52 | OK | |
r-release-macos-arm64 | 2.7.1 | 201.00 | NOTE | |||
r-release-macos-x86_64 | 2.7.1 | 337.00 | NOTE | |||
r-release-windows-x86_64 | 2.7.1 | 532.00 | 119.00 | 651.00 | NOTE | |
r-oldrel-macos-arm64 | 2.7.1 | 194.00 | NOTE | |||
r-oldrel-macos-x86_64 | 2.7.1 | 222.00 | NOTE | |||
r-oldrel-windows-x86_64 | 2.7.1 | 495.00 | 102.00 | 597.00 | NOTE |
Version: 2.7.1
Check: installed package size
Result: NOTE
installed size is 5.4Mb
sub-directories of 1Mb or more:
extdata 2.0Mb
libs 3.2Mb
Flavors: r-devel-linux-x86_64-fedora-clang, r-devel-windows-x86_64, r-release-macos-arm64, r-release-macos-x86_64, r-release-windows-x86_64, r-oldrel-macos-arm64, r-oldrel-macos-x86_64, r-oldrel-windows-x86_64