Last updated on 2023-05-29 05:55:13 CEST.
Flavor | Version | Tinstall | Tcheck | Ttotal | Status | Flags |
---|---|---|---|---|---|---|
r-devel-linux-x86_64-debian-clang | 1.0.1 | 46.13 | 39.24 | 85.37 | NOTE | |
r-devel-linux-x86_64-debian-gcc | 1.0.1 | 37.37 | 31.25 | 68.62 | NOTE | |
r-devel-linux-x86_64-fedora-clang | 1.0.1 | 132.20 | NOTE | |||
r-devel-linux-x86_64-fedora-gcc | 1.0.1 | 147.60 | NOTE | |||
r-devel-windows-x86_64 | 1.0.1 | 39.00 | 73.00 | 112.00 | NOTE | |
r-patched-linux-x86_64 | 1.0.1 | 43.15 | 38.01 | 81.16 | NOTE | |
r-release-linux-x86_64 | 1.0.1 | 37.10 | 38.47 | 75.57 | NOTE | |
r-release-macos-arm64 | 1.0.1 | 40.00 | NOTE | |||
r-release-macos-x86_64 | 1.0.1 | 69.00 | NOTE | |||
r-release-windows-x86_64 | 1.0.1 | 51.00 | 89.00 | 140.00 | NOTE | |
r-oldrel-macos-arm64 | 1.0.1 | 35.00 | OK | |||
r-oldrel-macos-x86_64 | 1.0.1 | 46.00 | OK | |||
r-oldrel-windows-x86_64 | 1.0.1 | 50.00 | 81.00 | 131.00 | OK |
Version: 1.0.1
Check: C++ specification
Result: NOTE
Specified C++11: please drop specification unless essential
Flavors: r-devel-linux-x86_64-debian-clang, r-devel-linux-x86_64-debian-gcc, r-devel-linux-x86_64-fedora-clang, r-devel-linux-x86_64-fedora-gcc, r-devel-windows-x86_64, r-patched-linux-x86_64, r-release-linux-x86_64, r-release-macos-arm64, r-release-macos-x86_64, r-release-windows-x86_64