Last updated on 2023-06-09 05:55:09 CEST.
Flavor | Version | Tinstall | Tcheck | Ttotal | Status | Flags |
---|---|---|---|---|---|---|
r-devel-linux-x86_64-debian-clang | 0.2.0 | 4.49 | 42.16 | 46.65 | OK | |
r-devel-linux-x86_64-debian-gcc | 0.2.0 | 3.65 | 32.03 | 35.68 | OK | |
r-devel-linux-x86_64-fedora-clang | 0.2.0 | 58.96 | NOTE | |||
r-devel-linux-x86_64-fedora-gcc | 0.2.0 | 55.36 | NOTE | |||
r-devel-windows-x86_64 | 0.2.0 | 6.00 | 53.00 | 59.00 | OK | |
r-patched-linux-x86_64 | 0.2.0 | 5.24 | 39.69 | 44.93 | OK | |
r-release-linux-x86_64 | 0.2.0 | 3.16 | 40.22 | 43.38 | OK | |
r-release-macos-arm64 | 0.2.0 | 23.00 | OK | |||
r-release-macos-x86_64 | 0.2.0 | 31.00 | OK | |||
r-release-windows-x86_64 | 0.2.0 | 6.00 | 58.00 | 64.00 | OK | |
r-oldrel-macos-arm64 | 0.2.0 | 20.00 | NOTE | |||
r-oldrel-macos-x86_64 | 0.2.0 | 40.00 | NOTE | |||
r-oldrel-windows-x86_64 | 0.2.0 | 7.00 | 60.00 | 67.00 | OK |
Version: 0.2.0
Check: dependencies in R code
Result: NOTE
Namespace in Imports field not imported from: ‘magrittr’
All declared Imports should be used.
Flavors: r-devel-linux-x86_64-fedora-clang, r-devel-linux-x86_64-fedora-gcc, r-oldrel-macos-arm64, r-oldrel-macos-x86_64