CRAN Package Check Results for Package RGCCA

Last updated on 2023-06-09 05:55:09 CEST.

Flavor Version Tinstall Tcheck Ttotal Status Flags
r-devel-linux-x86_64-debian-clang 3.0.1 21.43 315.44 336.87 OK
r-devel-linux-x86_64-debian-gcc 3.0.1 15.00 233.75 248.75 OK
r-devel-linux-x86_64-fedora-clang 3.0.1 430.15 OK
r-devel-linux-x86_64-fedora-gcc 3.0.1 405.07 OK
r-devel-windows-x86_64 3.0.1 18.00 306.00 324.00 OK
r-patched-linux-x86_64 3.0.1 17.65 296.88 314.53 OK
r-release-linux-x86_64 3.0.1 13.73 296.21 309.94 OK
r-release-macos-arm64 3.0.1 106.00 OK
r-release-macos-x86_64 2.1.2 55.00 OK
r-release-windows-x86_64 3.0.1 25.00 309.00 334.00 OK
r-oldrel-macos-arm64 3.0.1 118.00 ERROR
r-oldrel-macos-x86_64 3.0.1 156.00 ERROR
r-oldrel-windows-x86_64 3.0.1 25.00 308.00 333.00 OK

Check Details

Version: 3.0.1
Check: PDF version of manual
Result: WARN
    LaTeX errors when creating PDF version.
    This typically indicates Rd problems.
    LaTeX errors found:
    ! Undefined control sequence.
    <argument> \mathrm {max}(\text
     {ncomp}) \times J
    l.1032 \eqn{\mathrm{max}(\text{ncomp}) \times J}{}
    
    ! Undefined control sequence.
    <recently read> \text
    
    l.1104 ...eqn{\text{max}(\text{ncomp}) \times J}{}
     encoding the L1
    ! Undefined control sequence.
    <argument> \text {max}(\text
     {ncomp}) \times J
    l.1104 ...eqn{\text{max}(\text{ncomp}) \times J}{}
     encoding the L1
    ! Undefined control sequence.
    <argument> 1/\text
     {sqrt}(p_j)
    l.1108 \eqn{1/\text{sqrt}(p_j)}{}
     and 1 (larger values of sparsity correspon...
    ! Undefined control sequence.
    <argument> ... \Vert a_{j,k} \Vert _{1} \le \text
     {sparsity}[j] \sqrt {p_j}.
    l.1119 }{}
    
    ! Undefined control sequence.
    <argument> \Vert a_{j,k}\Vert _{1} \le \text
     {sparsity}[k,j] \sqrt {p_j}.
    l.1126 }{}
    
    ! Undefined control sequence.
    <argument> 1/\text
     {sqrt}(p_j)
    l.1687 \eqn{1/\text{sqrt}(p_j)}{}
     for sparsity, and 1
    ! Undefined control sequence.
    <argument> \mathrm {max}(\text
     {ncomp}) \times J
    l.1771 \eqn{\mathrm{max}(\text{ncomp}) \times J}{}
    
    ! Undefined control sequence.
    <recently read> \text
    
    l.1801 ...eqn{\text{max}(\text{ncomp}) \times J}{}
     encoding the L1
    ! Undefined control sequence.
    <argument> \text {max}(\text
     {ncomp}) \times J
    l.1801 ...eqn{\text{max}(\text{ncomp}) \times J}{}
     encoding the L1
    ! Undefined control sequence.
    <argument> 1/\text
     {sqrt}(p_j)
    l.1805 \eqn{1/\text{sqrt}(p_j)}{}
     and 1 (larger values of sparsity correspon...
    ! Undefined control sequence.
    <argument> ... \Vert a_{j,k} \Vert _{1} \le \text
     {sparsity}[j] \sqrt {p_j}.
    l.1816 }{}
    
    ! Undefined control sequence.
    <argument> \Vert a_{j,k}\Vert _{1} \le \text
     {sparsity}[k,j] \sqrt {p_j}.
    l.1823 }{}
    
    ! Undefined control sequence.
    <argument> 1/\text
     {sqrt}(p_j)
    l.2056 \eqn{1/\text{sqrt}(p_j)}{}
     for sparsity, and 1
    ! Undefined control sequence.
    <argument> \mathrm {max}(\text
     {ncomp}) \times J
    l.2114 \eqn{\mathrm{max}(\text{ncomp}) \times J}{}
    
    ! Undefined control sequence.
    <recently read> \text
    
    l.2140 ...eqn{\text{max}(\text{ncomp}) \times J}{}
     encoding the L1
    ! Undefined control sequence.
    <argument> \text {max}(\text
     {ncomp}) \times J
    l.2140 ...eqn{\text{max}(\text{ncomp}) \times J}{}
     encoding the L1
    ! Undefined control sequence.
    <argument> 1/\text
     {sqrt}(p_j)
    l.2144 \eqn{1/\text{sqrt}(p_j)}{}
     and 1 (larger values of sparsity correspon...
    ! Undefined control sequence.
    <argument> ... \Vert a_{j,k} \Vert _{1} \le \text
     {sparsity}[j] \sqrt {p_j}.
    l.2155 }{}
    
    ! Undefined control sequence.
    <argument> \Vert a_{j,k}\Vert _{1} \le \text
     {sparsity}[k,j] \sqrt {p_j}.
    l.2162 }{}
    
    ! Undefined control sequence.
    <recently read> \text
    
    l.2226 ...is given by \eqn{\text{mean}(t^* > t)}{}
     ;
    ! Undefined control sequence.
    <argument> t-\text
     {mean}(t^*)
    l.2231 ...c{t-\text{mean}(t^*)}{\text{sd}(t^*)}}{}
     .
    ! Undefined control sequence.
    <argument> \text
     {sd}(t^*)
    l.2231 ...c{t-\text{mean}(t^*)}{\text{sd}(t^*)}}{}
     .
Flavors: r-oldrel-macos-arm64, r-oldrel-macos-x86_64

Version: 3.0.1
Check: PDF version of manual without index
Result: ERROR
Flavors: r-oldrel-macos-arm64, r-oldrel-macos-x86_64