Last updated on 2023-06-09 05:55:09 CEST.
Flavor | Version | Tinstall | Tcheck | Ttotal | Status | Flags |
---|---|---|---|---|---|---|
r-devel-linux-x86_64-debian-clang | 0.4.1 | 4.38 | 41.52 | 45.90 | NOTE | |
r-devel-linux-x86_64-debian-gcc | 0.4.1 | 2.88 | 30.75 | 33.63 | NOTE | |
r-devel-linux-x86_64-fedora-clang | 0.4.1 | 58.24 | NOTE | |||
r-devel-linux-x86_64-fedora-gcc | 0.4.1 | 51.97 | NOTE | |||
r-devel-windows-x86_64 | 0.4.1 | 5.00 | 50.00 | 55.00 | NOTE | |
r-patched-linux-x86_64 | 0.4.1 | 4.25 | 38.63 | 42.88 | NOTE | |
r-release-linux-x86_64 | 0.4.1 | 3.93 | 38.18 | 42.11 | NOTE | |
r-release-macos-arm64 | 0.4.1 | 21.00 | NOTE | |||
r-release-macos-x86_64 | 0.4.1 | 32.00 | NOTE | |||
r-release-windows-x86_64 | 0.4.1 | 7.00 | 52.00 | 59.00 | NOTE | |
r-oldrel-macos-arm64 | 0.4.1 | 21.00 | NOTE | |||
r-oldrel-macos-x86_64 | 0.4.1 | 30.00 | NOTE | |||
r-oldrel-windows-x86_64 | 0.4.1 | 6.00 | 57.00 | 63.00 | NOTE |
Version: 0.4.1
Check: LazyData
Result: NOTE
'LazyData' is specified without a 'data' directory
Flavors: r-devel-linux-x86_64-debian-clang, r-devel-linux-x86_64-debian-gcc, r-devel-linux-x86_64-fedora-clang, r-devel-linux-x86_64-fedora-gcc, r-devel-windows-x86_64, r-patched-linux-x86_64, r-release-linux-x86_64, r-release-macos-arm64, r-release-macos-x86_64, r-release-windows-x86_64, r-oldrel-macos-arm64, r-oldrel-macos-x86_64, r-oldrel-windows-x86_64