Last updated on 2023-06-04 05:50:51 CEST.
Flavor | Version | Tinstall | Tcheck | Ttotal | Status | Flags |
---|---|---|---|---|---|---|
r-devel-linux-x86_64-debian-clang | 1.6-6 | 176.29 | 261.61 | 437.90 | NOTE | |
r-devel-linux-x86_64-debian-gcc | 1.6-6 | 161.86 | 202.84 | 364.70 | NOTE | |
r-devel-linux-x86_64-fedora-clang | 1.6-6 | 564.46 | NOTE | |||
r-devel-linux-x86_64-fedora-gcc | 1.6-6 | 632.14 | NOTE | |||
r-devel-windows-x86_64 | 1.6-6 | 143.00 | 252.00 | 395.00 | NOTE | |
r-patched-linux-x86_64 | 1.6-6 | 152.47 | 255.10 | 407.57 | NOTE | |
r-release-linux-x86_64 | 1.6-6 | 125.42 | 257.07 | 382.49 | NOTE | |
r-release-macos-arm64 | 1.6-6 | 176.00 | NOTE | |||
r-release-macos-x86_64 | 1.6-6 | 270.00 | NOTE | |||
r-release-windows-x86_64 | 1.6-6 | 182.00 | 299.00 | 481.00 | NOTE | |
r-oldrel-macos-arm64 | 1.6-6 | 150.00 | NOTE | |||
r-oldrel-macos-x86_64 | 1.6-6 | 189.00 | NOTE | |||
r-oldrel-windows-x86_64 | 1.6-6 | 166.00 | 282.00 | 448.00 | NOTE |
Version: 1.6-6
Check: for GNU extensions in Makefiles
Result: NOTE
GNU make is a SystemRequirements.
Flavors: r-devel-linux-x86_64-debian-clang, r-devel-linux-x86_64-debian-gcc, r-devel-linux-x86_64-fedora-clang, r-devel-linux-x86_64-fedora-gcc, r-devel-windows-x86_64, r-patched-linux-x86_64, r-release-linux-x86_64, r-release-macos-arm64, r-release-macos-x86_64, r-release-windows-x86_64, r-oldrel-macos-arm64, r-oldrel-macos-x86_64, r-oldrel-windows-x86_64
Version: 1.6-6
Check: installed package size
Result: NOTE
installed size is 5.5Mb
sub-directories of 1Mb or more:
doc 1.8Mb
libs 2.2Mb
Flavors: r-devel-linux-x86_64-fedora-clang, r-devel-windows-x86_64, r-release-macos-arm64, r-release-macos-x86_64, r-release-windows-x86_64, r-oldrel-macos-arm64, r-oldrel-macos-x86_64, r-oldrel-windows-x86_64