Last updated on 2023-06-03 05:52:41 CEST.
Flavor | Version | Tinstall | Tcheck | Ttotal | Status | Flags |
---|---|---|---|---|---|---|
r-devel-linux-x86_64-debian-clang | 2.6.1 | 17.11 | 140.15 | 157.26 | OK | |
r-devel-linux-x86_64-debian-gcc | 2.6.1 | 12.51 | 103.47 | 115.98 | OK | |
r-devel-linux-x86_64-fedora-clang | 2.6.1 | 194.13 | OK | |||
r-devel-linux-x86_64-fedora-gcc | 2.6.1 | 215.67 | OK | |||
r-devel-windows-x86_64 | 2.6.1 | 12.00 | 128.00 | 140.00 | NOTE | |
r-patched-linux-x86_64 | 2.6.1 | OK | ||||
r-release-linux-x86_64 | 2.6.1 | 10.54 | 131.14 | 141.68 | OK | |
r-release-macos-arm64 | 2.6.1 | 69.00 | OK | |||
r-release-macos-x86_64 | 2.6.1 | 109.00 | OK | |||
r-release-windows-x86_64 | 2.6.1 | 17.00 | 156.00 | 173.00 | NOTE | |
r-oldrel-macos-arm64 | 2.6.1 | 63.00 | OK | |||
r-oldrel-macos-x86_64 | 2.6.1 | 75.00 | OK | |||
r-oldrel-windows-x86_64 | 2.6.1 | 18.00 | 150.00 | 168.00 | NOTE |
Version: 2.6.1
Check: dependencies in R code
Result: NOTE
#STDOFF 2:05:08.9
#STDOFF 8:05:43.2
#STDOFF 7:36:41.7
#STDOFF -0:25:21.1
#STDOFF 1:39:49.2
#STDOFF -0:36:44.68
#STDOFF -4:56:01.6
#STDOFF -3:58:29.2
#STDOFF -4:19:18.3
#STDOFF -5:36:13.3
#STDOFF -4:56:16.4
#STDOFF 2:05:08.9
#STDOFF 8:05:43.2
#STDOFF 7:36:41.7
#STDOFF -0:25:21.1
#STDOFF 1:39:49.2
#STDOFF -0:36:44.68
#STDOFF -4:56:01.6
#STDOFF -3:58:29.2
#STDOFF -4:19:18.3
#STDOFF -5:36:13.3
#STDOFF -4:56:16.4
Flavors: r-devel-windows-x86_64, r-release-windows-x86_64, r-oldrel-windows-x86_64