Last updated on 2023-06-07 05:58:29 CEST.
Flavor | Version | Tinstall | Tcheck | Ttotal | Status | Flags |
---|---|---|---|---|---|---|
r-devel-linux-x86_64-debian-clang | 0.6.2 | 12.96 | 159.50 | 172.46 | OK | |
r-devel-linux-x86_64-debian-gcc | 0.6.2 | 10.24 | 118.08 | 128.32 | OK | |
r-devel-linux-x86_64-fedora-clang | 0.6.2 | 209.77 | NOTE | |||
r-devel-linux-x86_64-fedora-gcc | 0.6.2 | 211.13 | OK | |||
r-devel-windows-x86_64 | 0.6.2 | 12.00 | 140.00 | 152.00 | OK | |
r-patched-linux-x86_64 | 0.6.2 | 18.34 | 147.03 | 165.37 | OK | |
r-release-linux-x86_64 | 0.6.2 | 8.14 | 146.57 | 154.71 | OK | |
r-release-macos-arm64 | 0.6.2 | 76.00 | OK | |||
r-release-macos-x86_64 | 0.6.2 | 112.00 | OK | |||
r-release-windows-x86_64 | 0.6.2 | 16.00 | 172.00 | 188.00 | OK | |
r-oldrel-macos-arm64 | 0.6.2 | 61.00 | OK | |||
r-oldrel-macos-x86_64 | 0.6.2 | 120.00 | OK | |||
r-oldrel-windows-x86_64 | 0.6.2 | 16.00 | 165.00 | 181.00 | OK |
Version: 0.6.2
Check: Rd cross-references
Result: NOTE
Undeclared package ‘tibble’ in Rd xrefs
Flavor: r-devel-linux-x86_64-fedora-clang