Last updated on 2023-06-02 05:58:06 CEST.
Flavor | Version | Tinstall | Tcheck | Ttotal | Status | Flags |
---|---|---|---|---|---|---|
r-devel-linux-x86_64-debian-clang | 1.0.4 | 33.96 | 27.75 | 61.71 | NOTE | |
r-devel-linux-x86_64-debian-gcc | 1.0.4 | 25.33 | 21.31 | 46.64 | NOTE | |
r-devel-linux-x86_64-fedora-clang | 1.0.4 | 87.83 | NOTE | |||
r-devel-linux-x86_64-fedora-gcc | 1.0.4 | 91.03 | NOTE | |||
r-devel-windows-x86_64 | 1.0.4 | 27.00 | 66.00 | 93.00 | NOTE | |
r-patched-linux-x86_64 | 1.0.4 | NOTE | ||||
r-release-linux-x86_64 | 1.0.4 | 28.58 | 26.73 | 55.31 | NOTE | |
r-release-macos-arm64 | 1.0.4 | 28.00 | NOTE | |||
r-release-macos-x86_64 | 1.0.4 | 41.00 | NOTE | |||
r-release-windows-x86_64 | 1.0.4 | 34.00 | 68.00 | 102.00 | NOTE | |
r-oldrel-macos-arm64 | 1.0.4 | 26.00 | NOTE | |||
r-oldrel-macos-x86_64 | 1.0.4 | 33.00 | NOTE | |||
r-oldrel-windows-x86_64 | 1.0.4 | 34.00 | 72.00 | 106.00 | NOTE |
Version: 1.0.4
Check: LazyData
Result: NOTE
'LazyData' is specified without a 'data' directory
Flavors: r-devel-linux-x86_64-debian-clang, r-devel-linux-x86_64-debian-gcc, r-devel-linux-x86_64-fedora-clang, r-devel-linux-x86_64-fedora-gcc, r-devel-windows-x86_64, r-patched-linux-x86_64, r-release-linux-x86_64, r-release-macos-arm64, r-release-macos-x86_64, r-release-windows-x86_64, r-oldrel-macos-arm64, r-oldrel-macos-x86_64, r-oldrel-windows-x86_64