Last updated on 2023-06-08 05:58:16 CEST.
Flavor | Version | Tinstall | Tcheck | Ttotal | Status | Flags |
---|---|---|---|---|---|---|
r-devel-linux-x86_64-debian-clang | 2.1 | 48.42 | 82.87 | 131.29 | NOTE | |
r-devel-linux-x86_64-debian-gcc | 2.1 | 34.60 | 63.91 | 98.51 | NOTE | |
r-devel-linux-x86_64-fedora-clang | 2.1 | 181.41 | NOTE | |||
r-devel-linux-x86_64-fedora-gcc | 2.1 | 173.72 | NOTE | |||
r-devel-windows-x86_64 | 2.1 | 36.00 | 111.00 | 147.00 | NOTE | |
r-patched-linux-x86_64 | 2.1 | 40.99 | 79.30 | 120.29 | NOTE | |
r-release-linux-x86_64 | 2.1 | 35.62 | 78.65 | 114.27 | NOTE | |
r-release-macos-arm64 | 2.1 | 53.00 | NOTE | |||
r-release-macos-x86_64 | 2.1 | 86.00 | NOTE | |||
r-release-windows-x86_64 | 2.1 | 48.00 | 127.00 | 175.00 | NOTE | |
r-oldrel-macos-arm64 | 2.1 | 45.00 | NOTE | |||
r-oldrel-macos-x86_64 | 2.1 | 62.00 | NOTE | |||
r-oldrel-windows-x86_64 | 2.1 | 47.00 | 116.00 | 163.00 | NOTE |
Version: 2.1
Check: LazyData
Result: NOTE
'LazyData' is specified without a 'data' directory
Flavors: r-devel-linux-x86_64-debian-clang, r-devel-linux-x86_64-debian-gcc, r-devel-linux-x86_64-fedora-clang, r-devel-linux-x86_64-fedora-gcc, r-devel-windows-x86_64, r-patched-linux-x86_64, r-release-linux-x86_64, r-release-macos-arm64, r-release-macos-x86_64, r-release-windows-x86_64, r-oldrel-macos-arm64, r-oldrel-macos-x86_64, r-oldrel-windows-x86_64