Last updated on 2023-05-29 05:55:10 CEST.
Flavor | Version | Tinstall | Tcheck | Ttotal | Status | Flags |
---|---|---|---|---|---|---|
r-devel-linux-x86_64-debian-clang | 1.0.1 | 34.86 | 79.70 | 114.56 | NOTE | |
r-devel-linux-x86_64-debian-gcc | 1.0.1 | 28.29 | 61.24 | 89.53 | NOTE | |
r-devel-linux-x86_64-fedora-clang | 1.0.1 | 165.13 | NOTE | |||
r-devel-linux-x86_64-fedora-gcc | 1.0.1 | 169.61 | NOTE | |||
r-devel-windows-x86_64 | 1.0.1 | 33.00 | 96.00 | 129.00 | NOTE | |
r-patched-linux-x86_64 | 1.0.1 | 31.86 | 75.84 | 107.70 | NOTE | |
r-release-linux-x86_64 | 1.0.1 | 29.81 | 75.25 | 105.06 | NOTE | |
r-release-macos-arm64 | 1.0.1 | 46.00 | NOTE | |||
r-release-macos-x86_64 | 1.0.1 | 71.00 | NOTE | |||
r-release-windows-x86_64 | 1.0.1 | 41.00 | 116.00 | 157.00 | NOTE | |
r-oldrel-macos-arm64 | 1.0.1 | 42.00 | OK | |||
r-oldrel-macos-x86_64 | 1.0.1 | 55.00 | OK | |||
r-oldrel-windows-x86_64 | 1.0.1 | 39.00 | 111.00 | 150.00 | OK |
Version: 1.0.1
Check: C++ specification
Result: NOTE
Specified C++11: please drop specification unless essential
Flavors: r-devel-linux-x86_64-debian-clang, r-devel-linux-x86_64-debian-gcc, r-devel-linux-x86_64-fedora-clang, r-devel-linux-x86_64-fedora-gcc, r-devel-windows-x86_64, r-patched-linux-x86_64, r-release-linux-x86_64, r-release-macos-arm64, r-release-macos-x86_64, r-release-windows-x86_64
Version: 1.0.1
Check: compiled code
Result: NOTE
File ‘PenCoxFrail/libs/PenCoxFrail.so’:
Found no calls to: ‘R_registerRoutines’, ‘R_useDynamicSymbols’
It is good practice to register native routines and to disable symbol
search.
See ‘Writing portable packages’ in the ‘Writing R Extensions’ manual.
Flavors: r-devel-linux-x86_64-fedora-clang, r-devel-linux-x86_64-fedora-gcc