CRAN Package Check Results for Package PanCanVarSel

Last updated on 2023-05-29 05:55:10 CEST.

Flavor Version Tinstall Tcheck Ttotal Status Flags
r-devel-linux-x86_64-debian-clang 0.0.3 3.19 55.20 58.39 NOTE
r-devel-linux-x86_64-debian-gcc 0.0.3 2.96 43.12 46.08 NOTE
r-devel-linux-x86_64-fedora-clang 0.0.3 75.74 NOTE
r-devel-linux-x86_64-fedora-gcc 0.0.3 77.12 NOTE
r-devel-windows-x86_64 0.0.3 5.00 61.00 66.00 NOTE
r-patched-linux-x86_64 0.0.3 3.40 53.34 56.74 NOTE
r-release-linux-x86_64 0.0.3 3.58 53.65 57.23 NOTE
r-release-macos-arm64 0.0.3 30.00 NOTE
r-release-macos-x86_64 0.0.3 45.00 NOTE
r-release-windows-x86_64 0.0.3 5.00 70.00 75.00 NOTE
r-oldrel-macos-arm64 0.0.3 25.00 NOTE
r-oldrel-macos-x86_64 0.0.3 32.00 NOTE
r-oldrel-windows-x86_64 0.0.3 5.00 72.00 77.00 NOTE

Check Details

Version: 0.0.3
Check: LazyData
Result: NOTE
     'LazyData' is specified without a 'data' directory
Flavors: r-devel-linux-x86_64-debian-clang, r-devel-linux-x86_64-debian-gcc, r-devel-linux-x86_64-fedora-clang, r-devel-linux-x86_64-fedora-gcc, r-devel-windows-x86_64, r-patched-linux-x86_64, r-release-linux-x86_64, r-release-macos-arm64, r-release-macos-x86_64, r-release-windows-x86_64, r-oldrel-macos-arm64, r-oldrel-macos-x86_64, r-oldrel-windows-x86_64

Version: 0.0.3
Check: dependencies in R code
Result: NOTE
    Namespace in Imports field not imported from: ‘smoothmest’
     All declared Imports should be used.
Flavors: r-devel-linux-x86_64-fedora-clang, r-devel-linux-x86_64-fedora-gcc, r-oldrel-macos-arm64, r-oldrel-macos-x86_64