Last updated on 2023-06-05 05:54:42 CEST.
Flavor | Version | Tinstall | Tcheck | Ttotal | Status | Flags |
---|---|---|---|---|---|---|
r-devel-linux-x86_64-debian-clang | 0.1.1 | 33.47 | 33.38 | 66.85 | OK | |
r-devel-linux-x86_64-debian-gcc | 0.1.1 | 28.67 | 25.99 | 54.66 | OK | |
r-devel-linux-x86_64-fedora-clang | 0.1.1 | 89.67 | NOTE | |||
r-devel-linux-x86_64-fedora-gcc | 0.1.1 | 85.84 | NOTE | |||
r-devel-windows-x86_64 | 0.1.1 | 25.00 | 53.00 | 78.00 | OK | |
r-patched-linux-x86_64 | 0.1.1 | 33.03 | 32.09 | 65.12 | OK | |
r-release-linux-x86_64 | 0.1.1 | 32.95 | 32.13 | 65.08 | OK | |
r-release-macos-arm64 | 0.1.1 | 41.00 | OK | |||
r-release-macos-x86_64 | 0.1.1 | 56.00 | OK | |||
r-release-windows-x86_64 | 0.1.1 | 31.00 | 53.00 | 84.00 | OK | |
r-oldrel-macos-arm64 | 0.1.1 | 42.00 | OK | |||
r-oldrel-macos-x86_64 | 0.1.1 | 48.00 | NOTE | |||
r-oldrel-windows-x86_64 | 0.1.1 | 42.00 | 57.00 | 99.00 | OK |
Version: 0.1.1
Check: dependencies in R code
Result: NOTE
Namespace in Imports field not imported from: ‘stats’
All declared Imports should be used.
Flavors: r-devel-linux-x86_64-fedora-clang, r-devel-linux-x86_64-fedora-gcc, r-oldrel-macos-x86_64