Last updated on 2023-06-02 05:58:07 CEST.
Flavor | Version | Tinstall | Tcheck | Ttotal | Status | Flags |
---|---|---|---|---|---|---|
r-devel-linux-x86_64-debian-clang | 1.0 | 37.35 | 28.37 | 65.72 | OK | |
r-devel-linux-x86_64-debian-gcc | 1.0 | 24.60 | 22.69 | 47.29 | OK | |
r-devel-linux-x86_64-fedora-clang | 1.0 | 90.72 | NOTE | |||
r-devel-linux-x86_64-fedora-gcc | 1.0 | 93.46 | NOTE | |||
r-devel-windows-x86_64 | 1.0 | 27.00 | 66.00 | 93.00 | OK | |
r-patched-linux-x86_64 | 1.0 | OK | ||||
r-release-linux-x86_64 | 1.0 | 29.71 | 27.70 | 57.41 | OK | |
r-release-macos-arm64 | 1.0 | 26.00 | OK | |||
r-release-macos-x86_64 | 1.0 | 44.00 | OK | |||
r-release-windows-x86_64 | 1.0 | 35.00 | 68.00 | 103.00 | OK | |
r-oldrel-macos-arm64 | 1.0 | 29.00 | OK | |||
r-oldrel-macos-x86_64 | 1.0 | 35.00 | OK | |||
r-oldrel-windows-x86_64 | 1.0 | 34.00 | 67.00 | 101.00 | OK |
Version: 1.0
Check: compiled code
Result: NOTE
File ‘PWD/libs/PWD.so’:
Found no calls to: ‘R_registerRoutines’, ‘R_useDynamicSymbols’
It is good practice to register native routines and to disable symbol
search.
See ‘Writing portable packages’ in the ‘Writing R Extensions’ manual.
Flavors: r-devel-linux-x86_64-fedora-clang, r-devel-linux-x86_64-fedora-gcc