CRAN Package Check Results for Package PSS.Health

Last updated on 2024-02-23 05:07:28 CET.

Flavor Version Tinstall Tcheck Ttotal Status Flags
r-devel-linux-x86_64-debian-clang 1.0.2 OK
r-devel-linux-x86_64-debian-gcc 1.0.2 16.07 111.51 127.58 OK
r-devel-linux-x86_64-fedora-clang 1.0.2 225.92 NOTE
r-devel-linux-x86_64-fedora-gcc 1.0.2 227.80 OK
r-devel-windows-x86_64 1.0.2 17.00 119.00 136.00 OK
r-patched-linux-x86_64 1.0.2 18.64 148.55 167.19 OK
r-release-linux-x86_64 1.0.2 16.16 148.72 164.88 OK
r-release-macos-arm64 1.0.2 61.00 OK
r-release-macos-x86_64 1.0.2 167.00 OK
r-release-windows-x86_64 1.0.2 24.00 149.00 173.00 OK
r-oldrel-macos-arm64 1.0.2 65.00 OK
r-oldrel-windows-x86_64 1.0.2 24.00 157.00 181.00 OK

Check Details

Version: 1.0.2
Check: package dependencies
Result: NOTE Imports includes 21 non-default packages. Importing from so many packages makes the package vulnerable to any of them becoming unavailable. Move as many as possible to Suggests and use conditionally. Flavor: r-devel-linux-x86_64-fedora-clang