CRAN Package Check Results for Package PPSFS

Last updated on 2023-05-29 05:55:11 CEST.

Flavor Version Tinstall Tcheck Ttotal Status Flags
r-devel-linux-x86_64-debian-clang 0.1.0 39.91 70.54 110.45 NOTE
r-devel-linux-x86_64-debian-gcc 0.1.0 29.14 54.33 83.47 NOTE
r-devel-linux-x86_64-fedora-clang 0.1.0 151.84 NOTE
r-devel-linux-x86_64-fedora-gcc 0.1.0 157.15 NOTE
r-devel-windows-x86_64 0.1.0 31.00 86.00 117.00 NOTE
r-patched-linux-x86_64 0.1.0 35.39 68.39 103.78 NOTE
r-release-linux-x86_64 0.1.0 31.26 67.44 98.70 NOTE
r-release-macos-arm64 0.1.0 42.00 NOTE
r-release-macos-x86_64 0.1.0 68.00 NOTE
r-release-windows-x86_64 0.1.0 39.00 107.00 146.00 NOTE
r-oldrel-macos-arm64 0.1.0 37.00 OK
r-oldrel-macos-x86_64 0.1.0 52.00 OK
r-oldrel-windows-x86_64 0.1.0 38.00 99.00 137.00 OK

Check Details

Version: 0.1.0
Check: C++ specification
Result: NOTE
     Specified C++11: please drop specification unless essential
Flavors: r-devel-linux-x86_64-debian-clang, r-devel-linux-x86_64-debian-gcc, r-devel-linux-x86_64-fedora-clang, r-devel-linux-x86_64-fedora-gcc, r-devel-windows-x86_64, r-patched-linux-x86_64, r-release-linux-x86_64, r-release-macos-arm64, r-release-macos-x86_64, r-release-windows-x86_64