Last updated on 2023-05-30 05:57:42 CEST.
Flavor | Version | Tinstall | Tcheck | Ttotal | Status | Flags |
---|---|---|---|---|---|---|
r-devel-linux-x86_64-debian-clang | 1.0 | 62.26 | 27.13 | 89.39 | NOTE | |
r-devel-linux-x86_64-debian-gcc | 1.0 | 47.64 | 21.58 | 69.22 | NOTE | |
r-devel-linux-x86_64-fedora-clang | 1.0 | 127.13 | NOTE | |||
r-devel-linux-x86_64-fedora-gcc | 1.0 | 133.48 | NOTE | |||
r-devel-windows-x86_64 | 1.0 | 44.00 | 69.00 | 113.00 | NOTE | |
r-patched-linux-x86_64 | 1.0 | 54.69 | 26.93 | 81.62 | NOTE | |
r-release-linux-x86_64 | 1.0 | 53.00 | 26.37 | 79.37 | NOTE | |
r-release-macos-arm64 | 1.0 | 33.00 | NOTE | |||
r-release-macos-x86_64 | 1.0 | 56.00 | NOTE | |||
r-release-windows-x86_64 | 1.0 | 57.00 | 75.00 | 132.00 | NOTE | |
r-oldrel-macos-arm64 | 1.0 | 33.00 | OK | |||
r-oldrel-macos-x86_64 | 1.0 | 44.00 | OK | |||
r-oldrel-windows-x86_64 | 1.0 | 55.00 | 71.00 | 126.00 | OK |
Version: 1.0
Check: C++ specification
Result: NOTE
Specified C++11: please drop specification unless essential
Flavors: r-devel-linux-x86_64-debian-clang, r-devel-linux-x86_64-debian-gcc, r-devel-linux-x86_64-fedora-clang, r-devel-linux-x86_64-fedora-gcc, r-devel-windows-x86_64, r-patched-linux-x86_64, r-release-linux-x86_64, r-release-macos-arm64, r-release-macos-x86_64, r-release-windows-x86_64