Last updated on 2023-05-29 05:55:10 CEST.
Flavor | Version | Tinstall | Tcheck | Ttotal | Status | Flags |
---|---|---|---|---|---|---|
r-devel-linux-x86_64-debian-clang | 0.1.1 | 38.55 | 394.62 | 433.17 | OK | |
r-devel-linux-x86_64-debian-gcc | 0.1.1 | 33.95 | 296.15 | 330.10 | OK | |
r-devel-linux-x86_64-fedora-clang | 0.1.1 | 582.98 | NOTE | |||
r-devel-linux-x86_64-fedora-gcc | 0.1.1 | 566.11 | NOTE | |||
r-devel-windows-x86_64 | 0.1.1 | 39.00 | 283.00 | 322.00 | OK | |
r-patched-linux-x86_64 | 0.1.1 | 33.92 | 371.26 | 405.18 | OK | |
r-release-linux-x86_64 | 0.1.1 | 34.68 | 361.33 | 396.01 | OK | |
r-release-macos-arm64 | 0.1.1 | 138.00 | OK | |||
r-release-macos-x86_64 | 0.1.1 | 272.00 | OK | |||
r-release-windows-x86_64 | 0.1.1 | 51.00 | 372.00 | 423.00 | OK | |
r-oldrel-macos-arm64 | 0.1.1 | 135.00 | NOTE | |||
r-oldrel-macos-x86_64 | 0.1.1 | 239.00 | NOTE | |||
r-oldrel-windows-x86_64 | 0.1.1 | 40.00 | 359.00 | 399.00 | OK |
Version: 0.1.1
Check: dependencies in R code
Result: NOTE
Namespaces in Imports field not imported from:
‘base’ ‘grDevices’
All declared Imports should be used.
Flavors: r-devel-linux-x86_64-fedora-clang, r-devel-linux-x86_64-fedora-gcc, r-oldrel-macos-arm64, r-oldrel-macos-x86_64