Last updated on 2023-05-28 05:52:15 CEST.
Flavor | Version | Tinstall | Tcheck | Ttotal | Status | Flags |
---|---|---|---|---|---|---|
r-devel-linux-x86_64-debian-clang | 1.5 | 10.01 | 60.12 | 70.13 | NOTE | |
r-devel-linux-x86_64-debian-gcc | 1.5 | 9.43 | 43.97 | 53.40 | NOTE | |
r-devel-linux-x86_64-fedora-clang | 1.5 | 89.95 | NOTE | |||
r-devel-linux-x86_64-fedora-gcc | 1.5 | 87.74 | NOTE | |||
r-devel-windows-x86_64 | 1.5 | 11.00 | 58.00 | 69.00 | NOTE | |
r-patched-linux-x86_64 | 1.5 | 11.79 | 57.34 | 69.13 | NOTE | |
r-release-linux-x86_64 | 1.5 | 7.19 | 58.01 | 65.20 | NOTE | |
r-release-macos-arm64 | 1.5 | 25.00 | NOTE | |||
r-release-macos-x86_64 | 1.5 | 39.00 | NOTE | |||
r-release-windows-x86_64 | 1.5 | 14.00 | 66.00 | 80.00 | NOTE | |
r-oldrel-macos-arm64 | 1.5 | 21.00 | NOTE | |||
r-oldrel-macos-x86_64 | 1.5 | 41.00 | NOTE | |||
r-oldrel-windows-x86_64 | 1.5 | 13.00 | 65.00 | 78.00 | NOTE |
Version: 1.5
Check: LazyData
Result: NOTE
'LazyData' is specified without a 'data' directory
Flavors: r-devel-linux-x86_64-debian-clang, r-devel-linux-x86_64-debian-gcc, r-devel-linux-x86_64-fedora-clang, r-devel-linux-x86_64-fedora-gcc, r-devel-windows-x86_64, r-patched-linux-x86_64, r-release-linux-x86_64, r-release-macos-arm64, r-release-macos-x86_64, r-release-windows-x86_64, r-oldrel-macos-arm64, r-oldrel-macos-x86_64, r-oldrel-windows-x86_64