CRAN Package Check Results for Package PCLassoReg

Last updated on 2023-06-10 05:52:41 CEST.

Flavor Version Tinstall Tcheck Ttotal Status Flags
r-devel-linux-x86_64-debian-clang 1.0.0 8.36 118.73 127.09 OK
r-devel-linux-x86_64-debian-gcc 1.0.0 6.65 92.06 98.71 OK
r-devel-linux-x86_64-fedora-clang 1.0.0 158.42 NOTE
r-devel-linux-x86_64-fedora-gcc 1.0.0 163.16 NOTE
r-devel-windows-x86_64 1.0.0 8.00 110.00 118.00 OK
r-patched-linux-x86_64 1.0.0 9.51 111.99 121.50 OK
r-release-linux-x86_64 1.0.0 8.54 111.28 119.82 OK
r-release-macos-arm64 1.0.0 57.00 OK
r-release-macos-x86_64 1.0.0 88.00 OK
r-release-windows-x86_64 1.0.0 10.00 131.00 141.00 OK
r-oldrel-macos-arm64 1.0.0 42.00 NOTE
r-oldrel-macos-x86_64 1.0.0 62.00 NOTE
r-oldrel-windows-x86_64 1.0.0 10.00 131.00 141.00 OK

Check Details

Version: 1.0.0
Check: dependencies in R code
Result: NOTE
    Namespace in Imports field not imported from: ‘survival’
     All declared Imports should be used.
Flavors: r-devel-linux-x86_64-fedora-clang, r-devel-linux-x86_64-fedora-gcc, r-oldrel-macos-arm64, r-oldrel-macos-x86_64