Last updated on 2023-12-08 05:02:12 CET.
Flavor | Version | Tinstall | Tcheck | Ttotal | Status | Flags |
---|---|---|---|---|---|---|
r-devel-linux-x86_64-debian-clang | 2.73.4 | 25.67 | 98.64 | 124.31 | OK | |
r-devel-linux-x86_64-debian-gcc | 2.73.4 | 20.29 | 76.77 | 97.06 | OK | |
r-devel-linux-x86_64-fedora-clang | 2.73.4 | 159.16 | NOTE | |||
r-devel-linux-x86_64-fedora-gcc | 2.73.4 | 172.64 | OK | |||
r-devel-windows-x86_64 | 2.73.4 | 26.00 | 124.00 | 150.00 | NOTE | |
r-patched-linux-x86_64 | 2.73.4 | 25.94 | 98.76 | 124.70 | OK | |
r-release-linux-x86_64 | 2.73.4 | 24.80 | 96.37 | 121.17 | OK | |
r-release-macos-arm64 | 2.73.4 | 54.00 | NOTE | |||
r-release-macos-x86_64 | 2.73.4 | 182.00 | NOTE | |||
r-release-windows-x86_64 | 2.73.4 | 25.00 | 143.00 | 168.00 | NOTE | |
r-oldrel-macos-arm64 | 2.73.4 | 51.00 | NOTE | |||
r-oldrel-macos-x86_64 | 2.73.2 | 76.00 | NOTE | |||
r-oldrel-windows-x86_64 | 2.73.4 | 31.00 | 144.00 | 175.00 | NOTE |
Version: 2.73.4
Check: installed package size
Result: NOTE
installed size is 5.6Mb
sub-directories of 1Mb or more:
data 2.7Mb
doc 1.1Mb
Flavors: r-devel-linux-x86_64-fedora-clang, r-devel-windows-x86_64, r-release-macos-arm64, r-release-macos-x86_64, r-release-windows-x86_64, r-oldrel-macos-arm64, r-oldrel-windows-x86_64
Version: 2.73.2
Check: installed package size
Result: NOTE
installed size is 6.7Mb
sub-directories of 1Mb or more:
data 2.7Mb
doc 1.1Mb
libs 1.4Mb
Flavor: r-oldrel-macos-x86_64