CRAN Package Check Results for Package PAC

Last updated on 2023-06-06 05:55:17 CEST.

Flavor Version Tinstall Tcheck Ttotal Status Flags
r-devel-linux-x86_64-debian-clang 1.1.4 28.78 86.23 115.01 NOTE
r-devel-linux-x86_64-debian-gcc 1.1.4 24.21 58.20 82.41 NOTE
r-devel-linux-x86_64-fedora-clang 1.1.4 150.63 NOTE
r-devel-linux-x86_64-fedora-gcc 1.1.4 144.41 NOTE
r-devel-windows-x86_64 1.1.4 30.00 91.00 121.00 NOTE
r-patched-linux-x86_64 1.1.4 24.97 71.53 96.50 NOTE
r-release-linux-x86_64 1.1.4 18.91 71.11 90.02 NOTE
r-release-macos-arm64 1.1.4 39.00 NOTE
r-release-macos-x86_64 1.1.4 69.00 NOTE
r-release-windows-x86_64 1.1.4 33.00 112.00 145.00 NOTE
r-oldrel-macos-arm64 1.1.4 38.00 OK
r-oldrel-macos-x86_64 1.1.4 76.00 OK
r-oldrel-windows-x86_64 1.1.4 33.00 109.00 142.00 OK

Check Details

Version: 1.1.4
Check: C++ specification
Result: NOTE
     Specified C++11: please drop specification unless essential
Flavors: r-devel-linux-x86_64-debian-clang, r-devel-linux-x86_64-debian-gcc, r-devel-linux-x86_64-fedora-clang, r-devel-linux-x86_64-fedora-gcc, r-devel-windows-x86_64, r-patched-linux-x86_64, r-release-linux-x86_64, r-release-macos-arm64, r-release-macos-x86_64, r-release-windows-x86_64